{"id":100,"date":"2007-05-02T09:38:47","date_gmt":"2007-05-02T07:38:47","guid":{"rendered":"http:\/\/www.krundalen.no\/blogg\/?page_id=100"},"modified":"2011-02-17T22:22:29","modified_gmt":"2011-02-17T20:22:29","slug":"da-noregs-mallag-vart-skipa-bok-2006","status":"publish","type":"page","link":"https:\/\/www.krundalen.no\/blogg\/tekstar\/b%c3%b8ker\/da-noregs-mallag-vart-skipa-bok-2006\/","title":{"rendered":"D\u00e5 Noregs M\u00e5llag vart skipa (bok 2006)"},"content":{"rendered":"<p><a title=\"1906-umslag.jpg\" href=\"http:\/\/www.krundalen.no\/blogg\/wp-content\/uploads\/2007\/05\/1906-umslag.jpg\"><img decoding=\"async\" style=\"border: white 5px solid;\" title=\"1906-umslag.jpg\" src=\"http:\/\/www.krundalen.no\/blogg\/wp-content\/uploads\/2007\/05\/1906-umslag.forhaandsvisning.jpg\" alt=\"1906-umslag.jpg\" align=\"right\" \/><\/a>Hoel, Oddmund L.\u00a0(2006). <em>D\u00e5 Noregs M\u00e5llag vart skipa. Referat fr\u00e5 M\u00e5lmannsstemna 4.-5. februar 1906. <\/em>Oslo: Noregs M\u00e5llag. (106 s.)<\/p>\n<p>Hovudinnhaldet i heftet er dei fyldige avisreferata og tidlegare uprenta handskrivne referata fr\u00e5 M\u00e5lmannsstemna i 1906. Det inneheld i tillegg ein del andre sentrale dokument om stemna og ei fullstendig deltakarliste. Eg har dessutan skrive ei innleiing om stemna og ei om deltakarane. Det vart utgjeve i h\u00f8ve 100-\u00e5rsjubileet for Noregs M\u00e5llag.<\/p>\n<p><a href=\"http:\/\/ask.bibsys.no\/ask\/action\/show?pid=060875062&amp;kid=biblio\">Bibsys-oppf\u00f8ring<\/a><\/p>\n<p><img decoding=\"async\" src=\"http:\/\/www.krundalen.no\/blogg\/wp-content\/uploads\/2007\/04\/pdf.gif\" alt=\"Pdf-ikon\" \/>\u00a0<a title=\"1906-maallaget.pdf\" href=\"http:\/\/www.krundalen.no\/blogg\/wp-content\/uploads\/2007\/05\/1906-maallaget.pdf\">fulltekst<\/a>\u00a0(pdf)<\/p>\n<p>Heftet kan kj\u00f8past hj\u00e5 <a href=\"http:\/\/www.nm.no\">Noregs M\u00e5llag<\/a>.<\/p>\n<p>ISBN 82-7339-053-5<\/p>\n","protected":false},"excerpt":{"rendered":"<p>Hoel, Oddmund L.\u00a0(2006). D\u00e5 Noregs M\u00e5llag vart skipa. Referat fr\u00e5 M\u00e5lmannsstemna 4.-5. februar 1906. Oslo: Noregs M\u00e5llag. (106 s.) Hovudinnhaldet i heftet er dei fyldige avisreferata og tidlegare uprenta handskrivne referata fr\u00e5 M\u00e5lmannsstemna i 1906. Det inneheld i tillegg ein &hellip; <a href=\"https:\/\/www.krundalen.no\/blogg\/tekstar\/b%c3%b8ker\/da-noregs-mallag-vart-skipa-bok-2006\/\">Les meir <span class=\"meta-nav\">&rarr;<\/span><\/a><\/p>\n","protected":false},"author":2,"featured_media":0,"parent":108,"menu_order":5,"comment_status":"open","ping_status":"open","template":"","meta":{"_acf_changed":false,"footnotes":""},"class_list":["post-100","page","type-page","status-publish","hentry"],"acf":[],"_links":{"self":[{"href":"https:\/\/www.krundalen.no\/blogg\/wp-json\/wp\/v2\/pages\/100"}],"collection":[{"href":"https:\/\/www.krundalen.no\/blogg\/wp-json\/wp\/v2\/pages"}],"about":[{"href":"https:\/\/www.krundalen.no\/blogg\/wp-json\/wp\/v2\/types\/page"}],"author":[{"embeddable":true,"href":"https:\/\/www.krundalen.no\/blogg\/wp-json\/wp\/v2\/users\/2"}],"replies":[{"embeddable":true,"href":"https:\/\/www.krundalen.no\/blogg\/wp-json\/wp\/v2\/comments?post=100"}],"version-history":[{"count":2,"href":"https:\/\/www.krundalen.no\/blogg\/wp-json\/wp\/v2\/pages\/100\/revisions"}],"predecessor-version":[{"id":795,"href":"https:\/\/www.krundalen.no\/blogg\/wp-json\/wp\/v2\/pages\/100\/revisions\/795"}],"up":[{"embeddable":true,"href":"https:\/\/www.krundalen.no\/blogg\/wp-json\/wp\/v2\/pages\/108"}],"wp:attachment":[{"href":"https:\/\/www.krundalen.no\/blogg\/wp-json\/wp\/v2\/media?parent=100"}],"curies":[{"name":"wp","href":"https:\/\/api.w.org\/{rel}","templated":true}]}}