{"id":101,"date":"2007-05-02T09:47:46","date_gmt":"2007-05-02T07:47:46","guid":{"rendered":"http:\/\/www.krundalen.no\/blogg\/?page_id=101"},"modified":"2016-02-14T20:55:14","modified_gmt":"2016-02-14T18:55:14","slug":"nasjonalisme-i-norsk-malstrid-1848-1865-1996","status":"publish","type":"page","link":"https:\/\/www.krundalen.no\/blogg\/tekstar\/b%c3%b8ker\/nasjonalisme-i-norsk-malstrid-1848-1865-1996\/","title":{"rendered":"Nasjonalisme i norsk m\u00e5lstrid 1848-1865 (bok 1996)"},"content":{"rendered":"<p>Hoel, Oddmund L. (1996). <em>Nasjonalisme i norsk m\u00e5lstrid 1848-1865. <\/em>KULTs skriftserie, 51. Oslo: Noregs forskingsr\u00e5d. (418 s.)<\/p>\n<p><a href=\"http:\/\/urn.nb.no\/URN:NBN:no-nb_digibok_2014051908200\">Fulltekst<\/a> (nb.no)<\/p>\n<p>Hovudoppg\u00e5va mi i nordisk spr\u00e5k og litteratur, levert ved Universitetet i Oslo v\u00e5ren 1996. Ho var skriven innanfor prosjektet &laquo;Utviklinga av ein norsk nasjonal identitet p\u00e5 1800-talet&raquo; og same \u00e5ret prenta i skriftserien til KULT.<\/p>\n<p>ISBN 82-12-00695-6<\/p>\n","protected":false},"excerpt":{"rendered":"<p>Hoel, Oddmund L. (1996). Nasjonalisme i norsk m\u00e5lstrid 1848-1865. KULTs skriftserie, 51. Oslo: Noregs forskingsr\u00e5d. (418 s.) Fulltekst (nb.no) Hovudoppg\u00e5va mi i nordisk spr\u00e5k og litteratur, levert ved Universitetet i Oslo v\u00e5ren 1996. Ho var skriven innanfor prosjektet &laquo;Utviklinga av &hellip; <a href=\"https:\/\/www.krundalen.no\/blogg\/tekstar\/b%c3%b8ker\/nasjonalisme-i-norsk-malstrid-1848-1865-1996\/\">Les meir <span class=\"meta-nav\">&rarr;<\/span><\/a><\/p>\n","protected":false},"author":2,"featured_media":0,"parent":108,"menu_order":14,"comment_status":"open","ping_status":"open","template":"","meta":{"_acf_changed":false,"footnotes":""},"class_list":["post-101","page","type-page","status-publish","hentry"],"acf":[],"_links":{"self":[{"href":"https:\/\/www.krundalen.no\/blogg\/wp-json\/wp\/v2\/pages\/101"}],"collection":[{"href":"https:\/\/www.krundalen.no\/blogg\/wp-json\/wp\/v2\/pages"}],"about":[{"href":"https:\/\/www.krundalen.no\/blogg\/wp-json\/wp\/v2\/types\/page"}],"author":[{"embeddable":true,"href":"https:\/\/www.krundalen.no\/blogg\/wp-json\/wp\/v2\/users\/2"}],"replies":[{"embeddable":true,"href":"https:\/\/www.krundalen.no\/blogg\/wp-json\/wp\/v2\/comments?post=101"}],"version-history":[{"count":5,"href":"https:\/\/www.krundalen.no\/blogg\/wp-json\/wp\/v2\/pages\/101\/revisions"}],"predecessor-version":[{"id":1270,"href":"https:\/\/www.krundalen.no\/blogg\/wp-json\/wp\/v2\/pages\/101\/revisions\/1270"}],"up":[{"embeddable":true,"href":"https:\/\/www.krundalen.no\/blogg\/wp-json\/wp\/v2\/pages\/108"}],"wp:attachment":[{"href":"https:\/\/www.krundalen.no\/blogg\/wp-json\/wp\/v2\/media?parent=101"}],"curies":[{"name":"wp","href":"https:\/\/api.w.org\/{rel}","templated":true}]}}