{"id":108,"date":"2007-05-02T21:09:11","date_gmt":"2007-05-02T19:09:11","guid":{"rendered":"http:\/\/www.krundalen.no\/blogg\/?page_id=108"},"modified":"2018-11-14T22:13:11","modified_gmt":"2018-11-14T20:13:11","slug":"b%c3%b8ker","status":"publish","type":"page","link":"https:\/\/www.krundalen.no\/blogg\/tekstar\/b%c3%b8ker\/","title":{"rendered":"1 B\u00f8ker og bokartiklar"},"content":{"rendered":"<p><strong>1.1\u00a0B\u00f8ker og rapportar <\/strong><\/p>\n<p>(2017). <em>Soga om Sogn og Fjordane. Fjordfylket p\u00e5 nye vegar 1875\u20131945.<\/em> (Bd. 3). Bergen: Fagbokforlaget. 320 s. [<a href=\"http:\/\/www.krundalen.no\/blogg\/?page_id=1296\">omtale og utdrag<\/a>]<\/p>\n<p>(2012). <em>Kyrkjebok for Jostedalen 1733\u20131751.<\/em> Avskrift og innleiing ved Oddmund L. Hoel. Jostedalen: Jostedal historielag. [<a href=\"http:\/\/www.historielaget.jostedal.no\/?page_id=1401\">omtale og fulltekst<\/a>]<\/p>\n<p>(2011). <em>Norsk m\u00e5lreising. M\u00e5l og modernisering 1868\u20131940.\u00a0<\/em>(Bd. 2). Oslo: Det Norske Samlaget. [<a href=\"http:\/\/www.krundalen.no\/blogg\/?page_id=789\">omtale<\/a>]<\/p>\n<p>(2009). <em>M\u00e5lreising og modernisering i Noreg 1885\u20131940. <\/em>Avhandling (ph.d.). Trondheim: NTNU, Det humanistiske fakultetet. [<a href=\"http:\/\/www.krundalen.no\/blogg\/?page_id=240\">omtale, innhald og samandrag<\/a>]<\/p>\n<p>(2006). <em>D\u00e5 Noregs M\u00e5llag vart skipa. Referat fr\u00e5 M\u00e5lmannsstemna 4.\u20135. februar 1906. <\/em>Oslo: Noregs M\u00e5llag. \u2013 Innleiing og redigering. [<a href=\"http:\/\/www.krundalen.no\/blogg\/?page_id=100\">fulltekst<\/a>]<\/p>\n<p>(2002). <em>Nasjonal nynorsk kunnskapsbase. Prosjektrapport.<\/em> Jostedalen: Det norske Samlaget og Nynorsk kultursentrum. [<a href=\"http:\/\/www.krundalen.no\/blogg\/?page_id=663\">fulltekst<\/a>]<\/p>\n<p>(1996). <em>Nasjonalisme i norsk m\u00e5lstrid 1848\u20131865.<\/em> KULTs skriftserie, 51. Oslo: Noregs forskingsr\u00e5d. [<a href=\"http:\/\/www.krundalen.no\/blogg\/?page_id=101\">fulltekst<\/a>]<\/p>\n<p><strong>1.2\u00a0Kapittel og artiklar i fagb\u00f8ker<\/strong><\/p>\n<p>(2018). Kapittel 7. Unionstida med Sverige (1814\u20131905). I Agnete Nesse (red.), <em>Norsk spr\u00e5khistorie. Tidslinjer\u00a0<\/em>(Bd. 4, s. 425\u2013502). Oslo: Novus.\u00a0[<a href=\"http:\/\/www.krundalen.no\/blogg\/?page_id=1305\">omtale og innhaldsliste<\/a>]<\/p>\n<p>(2018). Kapittel 1. Norsk spr\u00e5khistorieskriving. I Tove Bull (red.), <em>Norsk spr\u00e5khistorie. Ideologi <\/em>(Bd. 3, s. 51\u2013148). Oslo: Novus.\u00a0[<a href=\"http:\/\/www.krundalen.no\/blogg\/?page_id=1305\">omtale og innhaldsliste<\/a>]<\/p>\n<p>(2017). Maalkassa \u2013 landslaget for m\u00e5lsaka f\u00f8r Noregs M\u00e5llag. I Knut E. Karlsen, m.fl. (red.), <em>I teneste for nynorsken. Heidersskrift til Olaf Almenningen 70 \u00e5r<\/em> (s. 97\u2013119). Oslo: Novus. [<a href=\"http:\/\/www.krundalen.no\/blogg\/?page_id=1430\">omtale<\/a>]<\/p>\n<p>(2014). Dei fyrste valmenn og r\u00f8ystef\u00f8re i Sogn med vekt p\u00e5 Jostedalen og Luster. I Jens Johan Hyvik, Oddmund L. Hoel og Harald Kr\u00f8vel (red.), <em>Med p\u00e5halden penn? 1814 sett fr\u00e5 Nordvestlandet og Telemark<\/em> (s. 397\u2013427). Oslo: Novus forlag. [<a href=\"http:\/\/www.krundalen.no\/blogg\/?page_id=1157\">fulltekst<\/a>]<\/p>\n<p>(2014). Innleiing. I Jens Johan Hyvik, Oddmund L. Hoel, og Harald Kr\u00f8vel (red.), <em>Med p\u00e5halden penn? 1814 sett fr\u00e5 Nordvestlandet og Telemark<\/em> (s. 9\u201348). Oslo: Novus forlag. \u2013 Skriven i lag med Jens Johan Hyvik og Harald Kr\u00f8vel. [<a href=\"http:\/\/www.krundalen.no\/blogg\/?page_id=1157\">omtale<\/a> | <a href=\"https:\/\/www.academia.edu\/30307442\/Innleiing_til_boka_Med_p%C3%A5halden_penn._1814_sett_fr%C3%A5_Nordvestlandet_og_Telemark_\">fulltekst<\/a>]<\/p>\n<p>(2013). Eit maskulint prosjekt? Kj\u00f8nnsperspektiv p\u00e5 m\u00e5lreisinga 1885\u20131940. I Jens Johan Hyvik og Stephen Walton (red.), <em>&laquo;Der var ruskut \u00e5 leggja utp\u00e5&raquo;. Ti \u00e5r med mastergraden i nynorsk skriftkultur<\/em> (s. 83\u2013100). Oslo: Novus Forlag. [<a href=\"http:\/\/www.krundalen.no\/blogg\/?page_id=1046\">fulltekst<\/a>]<\/p>\n<p>(2010). Kap. X Det ringaste prestekallet i landet, og kap. XI Jostedal prestegard. I K\u00e5re \u00d8vregard, m.fl. (red.), <em>Jostedal kyrkje. Fakta, segn og soge gjennom 350 \u00e5r<\/em> (s. 169\u2013211). Leikanger: Skald forlag. [<a href=\"http:\/\/www.krundalen.no\/blogg\/?page_id=706\">fulltekst<\/a>]<\/p>\n<p>(2005). 1905 i Sogn. I Kari Aslaug Hasle, m.fl. (red.), <em>Lokale r\u00f8yster i 1905. Unionsoppl\u00f8ysinga i aviser p\u00e5 Nord-Vestlandet <\/em>(s. 27\u201354). Volda: H\u00f8gskulen i Volda. [<a href=\"http:\/\/www.krundalen.no\/blogg\/?page_id=71\">fulltekst<\/a>]<\/p>\n<p>(2003). Kap. 1 Studentm\u00e5llaget tek form, og kap. 2 Mellom venstrestaten og arbeidarpartistaten. I Olaf Almenningen, m.fl. (red.), <em>Studentar i m\u00e5lstrid. Studentm\u00e5llaget i Oslo 1900\u20132000<\/em> (s. 15\u2013151). Oslo: Samlaget. [<a href=\"http:\/\/www.krundalen.no\/blogg\/?page_id=102\">fulltekst<\/a>]<\/p>\n<p>(1998). Ivar Aasen som opposisjonell nasjonalist. I \u00d8ystein S\u00f8rensen (red.), <em>Jakten p\u00e5 det norske. Perspektiver p\u00e5 utviklingen av en norsk nasjonal identitet p\u00e5 1800-tallet<\/em> (s. 303\u2013320). Oslo: AdNotam. [<a href=\"http:\/\/www.krundalen.no\/blogg\/?page_id=83\">fulltekst<\/a>]<\/p>\n<p>(1998). Marcus Jacob Monrad som m\u00e5lpolitikar. I Ruth Vatvedt Fjeld og Boye Wangensteen (red.), <em>Normer og regler. Festskrift til Dag Gundersen 15. januar 1998<\/em> (s. 43\u201358). Oslo: Nordisk forening for leksikografi \u2013 Kunnskapsforlaget. [<a href=\"http:\/\/www.krundalen.no\/blogg\/?page_id=81\">fulltekst<\/a>]<\/p>\n<p>(1997). &laquo;Vi have med Beklagelse seet Ivar Aasens Navn i Spidsen for disse Spogets Babylonere&raquo;. Reaksjonar p\u00e5 Ivar Aasen 1840\u201370. I Geir Hjorthol (red.), <em>Forteljingar om Ivar Aasen. Aasen-resepsjonen i fortid og notid.<\/em> Skrifter fr\u00e5 Ivar Aasen-instituttet, 2 (s. 71\u201384). Volda: H\u00f8gskulen i Volda. [<a href=\"http:\/\/www.krundalen.no\/blogg\/?page_id=106\">fulltekst<\/a>]<\/p>\n<p>(1997). Language traditionalism and the nationalism conflict after 1814. I Unn R\u00f8yneland (red.), <em>Language contact and language conflict. Proceedings of the International Ivar Aasen Conference, 14\u201316 November 1996, University of Oslo<\/em> (s. 297\u2013304). Volda: Volda College. [<a href=\"http:\/\/www.krundalen.no\/blogg\/?page_id=86\">fulltekst<\/a>]<\/p>\n","protected":false},"excerpt":{"rendered":"<p>1.1\u00a0B\u00f8ker og rapportar (2017). Soga om Sogn og Fjordane. Fjordfylket p\u00e5 nye vegar 1875\u20131945. (Bd. 3). Bergen: Fagbokforlaget. 320 s. [omtale og utdrag] (2012). Kyrkjebok for Jostedalen 1733\u20131751. Avskrift og innleiing ved Oddmund L. Hoel. Jostedalen: Jostedal historielag. [omtale og &hellip; <a href=\"https:\/\/www.krundalen.no\/blogg\/tekstar\/b%c3%b8ker\/\">Les meir <span class=\"meta-nav\">&rarr;<\/span><\/a><\/p>\n","protected":false},"author":2,"featured_media":0,"parent":30,"menu_order":1,"comment_status":"open","ping_status":"open","template":"","meta":{"_acf_changed":false,"footnotes":""},"class_list":["post-108","page","type-page","status-publish","hentry"],"acf":[],"_links":{"self":[{"href":"https:\/\/www.krundalen.no\/blogg\/wp-json\/wp\/v2\/pages\/108"}],"collection":[{"href":"https:\/\/www.krundalen.no\/blogg\/wp-json\/wp\/v2\/pages"}],"about":[{"href":"https:\/\/www.krundalen.no\/blogg\/wp-json\/wp\/v2\/types\/page"}],"author":[{"embeddable":true,"href":"https:\/\/www.krundalen.no\/blogg\/wp-json\/wp\/v2\/users\/2"}],"replies":[{"embeddable":true,"href":"https:\/\/www.krundalen.no\/blogg\/wp-json\/wp\/v2\/comments?post=108"}],"version-history":[{"count":29,"href":"https:\/\/www.krundalen.no\/blogg\/wp-json\/wp\/v2\/pages\/108\/revisions"}],"predecessor-version":[{"id":1541,"href":"https:\/\/www.krundalen.no\/blogg\/wp-json\/wp\/v2\/pages\/108\/revisions\/1541"}],"up":[{"embeddable":true,"href":"https:\/\/www.krundalen.no\/blogg\/wp-json\/wp\/v2\/pages\/30"}],"wp:attachment":[{"href":"https:\/\/www.krundalen.no\/blogg\/wp-json\/wp\/v2\/media?parent=108"}],"curies":[{"name":"wp","href":"https:\/\/api.w.org\/{rel}","templated":true}]}}