{"id":109,"date":"2007-05-02T21:28:59","date_gmt":"2007-05-02T19:28:59","guid":{"rendered":"http:\/\/www.krundalen.no\/blogg\/?page_id=109"},"modified":"2025-04-23T17:34:22","modified_gmt":"2025-04-23T15:34:22","slug":"tidsskriftartiklar-faglege","status":"publish","type":"page","link":"https:\/\/www.krundalen.no\/blogg\/tekstar\/tidsskriftartiklar-faglege\/","title":{"rendered":"2 Tidsskriftartiklar (faglege)"},"content":{"rendered":"<p><strong>2.1\u00a0Tidsskriftartiklar<\/strong><\/p>\n<p>Gjerde, Marthe, Oddmund L. Hoel and Atle Nesje (2023). The \u2018Little Ice Age\u2019 advance of Nigardsbreen, Norway: A cross-disciplinary revision of the chronological framework. <em>The Holocene<\/em>, 1-14. [<a href=\"https:\/\/hdl.handle.net\/11250\/3089101\">fulltekst<\/a>]<\/p>\n<p>(2020).\u00a0Nynorskforfattarar reiser heim. Fire Garborg-forteljingar &#8211; fire museum. Nordisk museologi (nr. 1), 57\u201374. [<a href=\"https:\/\/journals.uio.no\/museolog\/article\/view\/7968\">fulltekst<\/a>]<\/p>\n<p>(2018). Forretningsmannen og m\u00e5lmannen Henrik Krohn.\u00a0<em>\u00c5rbok for Sogn<\/em>, 102\u2013135. [<a href=\"https:\/\/urn.nb.no\/URN:NBN:no-nb_digitidsskrift_2024090283001_001\">fulltekst Nasjonalbiblioteket<\/a>]<\/p>\n<p>(2018).\u00a0Store verdiar til liten nytte. Elektrisitetsutbygginga i Sogn og Fjordane f\u00f8r 1940. <em>Heimen<\/em> (nr. 2), 106\u2013121. [<a href=\"https:\/\/www.idunn.no\/heimen\/2018\/02\/store_verdiar_til_liten_nytte\">fulltekst, Idunn<\/a>]<\/p>\n<p>(2016). Kommunesamansl\u00e5inga i 1963. <em>Luster. Lokalhistorisk \u00e5rbok<\/em> (nr. 7), 67\u201384. \u2013 Saman med Hege Roll-Hansen [<a href=\"http:\/\/www.krundalen.no\/blogg\/?page_id=1138\">omtale<\/a>]<\/p>\n<p>(2016). Sigd, st\u00f8lsmeieri og sigarar \u2013 tradisjon og endring i jordbruket i Sogn fr\u00e5 1870-\u00e5ra til andre verdskrigen. <em>\u00c5rbok for Sogn,<\/em> 78\u201397. [<a href=\"https:\/\/urn.nb.no\/URN:NBN:no-nb_digitidsskrift_2018101981238_001\">fulltekst, Nasjonalbiblioteket<\/a>]<\/p>\n<p>(2014). Vala til riksforsamlinga 1814 i Sogn og haugianarane i Luster. <em>\u00c5rbok for Sogn,<\/em> 24\u201343. [<a href=\"http:\/\/www.krundalen.no\/blogg\/?page_id=1157\">omtale<\/a> | <a href=\"http:\/\/www.krundalen.no\/blogg\/wp-content\/uploads\/2011\/03\/Hoel-\u00c5rbok-for-Sogn-2014.pdf\">fulltekst<\/a>]<\/p>\n<p>(2014). 1814\u00a0\u2013 det mirakul\u00f8se \u00e5ret i Lavik prestegjeld. <em>\u00c5rbok H\u00f8yanger<\/em>, 78\u201385. \u2013 Saman Jan Anders Timberlid. [<a href=\"http:\/\/www.krundalen.no\/blogg\/?page_id=1157\">omtale<\/a>]<\/p>\n<p>(2013). Sogndal folkeh\u00f8gskule som sentrum for m\u00e5lreisinga 1870\u20131900. <em>\u00c5rbok for Sogn<\/em>, 121\u2013133. [<a href=\"http:\/\/www.krundalen.no\/blogg\/?page_id=1115\">fulltekst<\/a>]<\/p>\n<p>(2013). Tilh\u00f8vet mellom m\u00e5lr\u00f8rsla og Arbeidarpartiet 1890\u20131940. <em>Arbeiderhistorie. \u00c5rbok for arbeiderbevegelsens arkiv og bibliotek<\/em>, 41\u201359. [<a href=\"http:\/\/www.krundalen.no\/blogg\/?page_id=1098\">fulltekst<\/a>]<\/p>\n<p>(2013). Offentlege krisetiltak i Jostedalen 1742\u201343. <em>Heimen<\/em> (nr. 1), 65\u201383. [<a href=\"http:\/\/www.krundalen.no\/blogg\/?page_id=1059\">omtale<\/a>]<\/p>\n<p>(2012).\u00a0Regjeringskrise p\u00e5 m\u00e5lsaka. <em>M\u00e5l og makt<\/em> (nr. 1), 36\u201338. [<a href=\"http:\/\/www.krundalen.no\/blogg\/?page_id=974\">fulltekst<\/a>]<\/p>\n<p>(2011). Det nynorske byproblemet. <em>Syn og Segn <\/em>(nr. 1),\u00a020\u201330. [<a href=\"http:\/\/www.krundalen.no\/blogg\/?page_id=811\">omtale<\/a>]<\/p>\n<p>(2006). D\u00e5 nynorsken kom til Sogn\u00a0\u2013 glimt fr\u00e5 Jostedalen og L\u00e6rdal. <em>\u00c5rbok for Sogn<\/em>, 48\u201356. \u2013 Saman Jan Olav Fretland. [<a href=\"http:\/\/www.krundalen.no\/blogg\/?page_id=184\">fulltekst<\/a>]<\/p>\n<p>(2006). Fr\u00e5 al-Qaida til US Army. Den organiserte m\u00e5lr\u00f8rsla f\u00f8r 1930. <em>M\u00e5l og makt<\/em> (nr. 1), 10\u201319. [<a href=\"http:\/\/www.krundalen.no\/blogg\/?page_id=119\">fulltekst<\/a>]<\/p>\n<p>(2005). Den nasjonale reisinga i Noreg fram mot 1905. <em>\u00c5rbok\u00a0\u2013 Etne sogelag<\/em>, 7\u201312. [<a href=\"http:\/\/www.krundalen.no\/blogg\/?page_id=73\">fulltekst<\/a>]<\/p>\n<p>(2005). 1905 i Sogn: unionsoppl\u00f8ysing, republikanisme og m\u00e5lsak. <em>\u00c5rbok for Sogn<\/em>, 60\u201375. [<a href=\"http:\/\/www.krundalen.no\/blogg\/?page_id=93\">fulltekst<\/a>]<\/p>\n<p>(1999). Dialektar og sosiolingvistikk. Ei dr\u00f8fting av kva nyare sosiolingvistikk har hatt \u00e5 seie for synet p\u00e5 kva ein dialekt er. <em>Norskrift<\/em> (nr. 98), 51\u201367. \u2013 Pr\u00f8vef\u00f8relesing til hovudfagseksamen i nordisk. [<a href=\"http:\/\/www.krundalen.no\/blogg\/?page_id=157\">fulltekst<\/a>]<\/p>\n<p>(1994). Ordb\u00f8kene til Ivar Aasen. Prinsipp og metodar for innsamling og utval av ord. <em>Maal og minne<\/em> (nr. 3\/4), 147\u2013166. \u2013 Semesteroppg\u00e5ve i leksikografi. [<a href=\"http:\/\/www.krundalen.no\/blogg\/?page_id=117\">fulltekst<\/a>]<\/p>\n<p>(1992). Vegen fram mot spr\u00e5kfredsnemnda. Noko om den m\u00e5lpolitiske kursendringa til Arbeidarpartiet 1945\u20131964. <em>Dragen. Humanistisk orientert tidsskrift<\/em> (nr. 1), 17\u201327. \u2013 Mellomfagsoppg\u00e5ve i nordisk. [<a href=\"http:\/\/www.krundalen.no\/blogg\/?page_id=91\">fulltekst<\/a>]<\/p>\n<p>(1989). Striden om normering av stadnamn i etterkrigstida. Motiv, haldningar og motsetnader. <em>Namn og nemne<\/em> (nr. 6), 15\u201326. \u2013 Mellomfagsoppg\u00e5ve i nordisk. [<a href=\"http:\/\/www.krundalen.no\/blogg\/?page_id=114\">fulltekst<\/a>]<\/p>\n<p><strong>2.2 Bokmeldingar<\/strong><\/p>\n<p>(2014). Bokomtale: Fr\u00e5 Holck til Hegg\u00f8. Fargerike stortingsfigurar i ny bok. <em>\u00c5rbok H\u00f8yanger<\/em>, 94\u201395.<\/p>\n<p>(1995). Anti-nasjonal spr\u00e5khistorieskriving [melding av Torp\/Vik\u00f8r: Hovuddrag i norsk spr\u00e5khistorie]. <em>M\u00e5l og makt<\/em> (nr. 3), 39\u201348.<\/p>\n<p>(1994). Varmt forsvar for Indreb\u00f8 [melding av Inger Indreb\u00f8 Eidissen \/ Gustav Indreb\u00f8. Ei livsskildring]. <em>Dag og Tid<\/em> (13.5.).<\/p>\n<p>(1993). Jan Prahl og andre bergensm\u00e5lmenn [melding av Jostein Krokvik \/ Ny Hungrvekja og Jan Prahl]. <em>M\u00e5l og makt<\/em> (nr. 4), 42\u201351.<\/p>\n<p>(1993). Det gamle arbeidslivet [melding av Einar Hovdhaugen \/ Fr\u00e5 det gamle arbeidslivet]. <em>Dag og Tid<\/em> (16.12.).<\/p>\n<p>(1991). Fosna eller Kristiansund? [melding av Ola Stemshaug \/ Stridane om bynamna Fosna\u00a0\u2013 Kristiansund]. <em>Eg. Meldingsblad for norsk m\u00e5lungdom<\/em> (nr. 1).<\/p>\n","protected":false},"excerpt":{"rendered":"<p>2.1\u00a0Tidsskriftartiklar Gjerde, Marthe, Oddmund L. Hoel and Atle Nesje (2023). The \u2018Little Ice Age\u2019 advance of Nigardsbreen, Norway: A cross-disciplinary revision of the chronological framework. The Holocene, 1-14. [fulltekst] (2020).\u00a0Nynorskforfattarar reiser heim. Fire Garborg-forteljingar &#8211; fire museum. Nordisk museologi (nr. &hellip; <a href=\"https:\/\/www.krundalen.no\/blogg\/tekstar\/tidsskriftartiklar-faglege\/\">Les meir <span class=\"meta-nav\">&rarr;<\/span><\/a><\/p>\n","protected":false},"author":2,"featured_media":0,"parent":30,"menu_order":2,"comment_status":"open","ping_status":"open","template":"","meta":{"_acf_changed":false,"footnotes":""},"class_list":["post-109","page","type-page","status-publish","hentry"],"acf":[],"_links":{"self":[{"href":"https:\/\/www.krundalen.no\/blogg\/wp-json\/wp\/v2\/pages\/109"}],"collection":[{"href":"https:\/\/www.krundalen.no\/blogg\/wp-json\/wp\/v2\/pages"}],"about":[{"href":"https:\/\/www.krundalen.no\/blogg\/wp-json\/wp\/v2\/types\/page"}],"author":[{"embeddable":true,"href":"https:\/\/www.krundalen.no\/blogg\/wp-json\/wp\/v2\/users\/2"}],"replies":[{"embeddable":true,"href":"https:\/\/www.krundalen.no\/blogg\/wp-json\/wp\/v2\/comments?post=109"}],"version-history":[{"count":21,"href":"https:\/\/www.krundalen.no\/blogg\/wp-json\/wp\/v2\/pages\/109\/revisions"}],"predecessor-version":[{"id":1765,"href":"https:\/\/www.krundalen.no\/blogg\/wp-json\/wp\/v2\/pages\/109\/revisions\/1765"}],"up":[{"embeddable":true,"href":"https:\/\/www.krundalen.no\/blogg\/wp-json\/wp\/v2\/pages\/30"}],"wp:attachment":[{"href":"https:\/\/www.krundalen.no\/blogg\/wp-json\/wp\/v2\/media?parent=109"}],"curies":[{"name":"wp","href":"https:\/\/api.w.org\/{rel}","templated":true}]}}

<p><strong>2.1 Tidsskriftartiklar</strong></p>
<p>Gjerde, Marthe, Oddmund L. Hoel and Atle Nesje (2023). The ‘Little Ice Age’ advance of Nigardsbreen, Norway: A cross-disciplinary revision of the chronological framework. <em>The Holocene</em>, 1-14. [<a href="https://hdl.handle.net/11250/3089101">fulltekst</a>]</p>
<p>(2020). Nynorskforfattarar reiser heim. Fire Garborg-forteljingar &#8211; fire museum. Nordisk museologi (nr. 1), 57–74. [<a href="https://journals.uio.no/museolog/article/view/7968">fulltekst</a>]</p>
<p>(2018). Forretningsmannen og målmannen Henrik Krohn. <em>Årbok for Sogn</em>, 102–135. [<a href="https://urn.nb.no/URN:NBN:no-nb_digitidsskrift_2024090283001_001">fulltekst Nasjonalbiblioteket</a>]</p>
<p>(2018). Store verdiar til liten nytte. Elektrisitetsutbygginga i Sogn og Fjordane før 1940. <em>Heimen</em> (nr. 2), 106–121. [<a href="https://www.idunn.no/heimen/2018/02/store_verdiar_til_liten_nytte">fulltekst, Idunn</a>]</p>
<p>(2016). Kommunesamanslåinga i 1963. <em>Luster. Lokalhistorisk årbok</em> (nr. 7), 67–84. – Saman med Hege Roll-Hansen [<a href="http://www.krundalen.no/blogg/?page_id=1138">omtale</a>]</p>
<p>(2016). Sigd, stølsmeieri og sigarar – tradisjon og endring i jordbruket i Sogn frå 1870-åra til andre verdskrigen. <em>Årbok for Sogn,</em> 78–97. [<a href="https://urn.nb.no/URN:NBN:no-nb_digitidsskrift_2018101981238_001">fulltekst, Nasjonalbiblioteket</a>]</p>
<p>(2014). Vala til riksforsamlinga 1814 i Sogn og haugianarane i Luster. <em>Årbok for Sogn,</em> 24–43. [<a href="http://www.krundalen.no/blogg/?page_id=1157">omtale</a> | <a href="http://www.krundalen.no/blogg/wp-content/uploads/2011/03/Hoel-Årbok-for-Sogn-2014.pdf">fulltekst</a>]</p>
<p>(2014). 1814 – det mirakuløse året i Lavik prestegjeld. <em>Årbok Høyanger</em>, 78–85. – Saman Jan Anders Timberlid. [<a href="http://www.krundalen.no/blogg/?page_id=1157">omtale</a>]</p>
<p>(2013). Sogndal folkehøgskule som sentrum for målreisinga 1870–1900. <em>Årbok for Sogn</em>, 121–133. [<a href="http://www.krundalen.no/blogg/?page_id=1115">fulltekst</a>]</p>
<p>(2013). Tilhøvet mellom målrørsla og Arbeidarpartiet 1890–1940. <em>Arbeiderhistorie. Årbok for arbeiderbevegelsens arkiv og bibliotek</em>, 41–59. [<a href="http://www.krundalen.no/blogg/?page_id=1098">fulltekst</a>]</p>
<p>(2013). Offentlege krisetiltak i Jostedalen 1742–43. <em>Heimen</em> (nr. 1), 65–83. [<a href="http://www.krundalen.no/blogg/?page_id=1059">omtale</a>]</p>
<p>(2012). Regjeringskrise på målsaka. <em>Mål og makt</em> (nr. 1), 36–38. [<a href="http://www.krundalen.no/blogg/?page_id=974">fulltekst</a>]</p>
<p>(2011). Det nynorske byproblemet. <em>Syn og Segn </em>(nr. 1), 20–30. [<a href="http://www.krundalen.no/blogg/?page_id=811">omtale</a>]</p>
<p>(2006). Då nynorsken kom til Sogn – glimt frå Jostedalen og Lærdal. <em>Årbok for Sogn</em>, 48–56. – Saman Jan Olav Fretland. [<a href="http://www.krundalen.no/blogg/?page_id=184">fulltekst</a>]</p>
<p>(2006). Frå al-Qaida til US Army. Den organiserte målrørsla før 1930. <em>Mål og makt</em> (nr. 1), 10–19. [<a href="http://www.krundalen.no/blogg/?page_id=119">fulltekst</a>]</p>
<p>(2005). Den nasjonale reisinga i Noreg fram mot 1905. <em>Årbok – Etne sogelag</em>, 7–12. [<a href="http://www.krundalen.no/blogg/?page_id=73">fulltekst</a>]</p>
<p>(2005). 1905 i Sogn: unionsoppløysing, republikanisme og målsak. <em>Årbok for Sogn</em>, 60–75. [<a href="http://www.krundalen.no/blogg/?page_id=93">fulltekst</a>]</p>
<p>(1999). Dialektar og sosiolingvistikk. Ei drøfting av kva nyare sosiolingvistikk har hatt å seie for synet på kva ein dialekt er. <em>Norskrift</em> (nr. 98), 51–67. – Prøveførelesing til hovudfagseksamen i nordisk. [<a href="http://www.krundalen.no/blogg/?page_id=157">fulltekst</a>]</p>
<p>(1994). Ordbøkene til Ivar Aasen. Prinsipp og metodar for innsamling og utval av ord. <em>Maal og minne</em> (nr. 3/4), 147–166. – Semesteroppgåve i leksikografi. [<a href="http://www.krundalen.no/blogg/?page_id=117">fulltekst</a>]</p>
<p>(1992). Vegen fram mot språkfredsnemnda. Noko om den målpolitiske kursendringa til Arbeidarpartiet 1945–1964. <em>Dragen. Humanistisk orientert tidsskrift</em> (nr. 1), 17–27. – Mellomfagsoppgåve i nordisk. [<a href="http://www.krundalen.no/blogg/?page_id=91">fulltekst</a>]</p>
<p>(1989). Striden om normering av stadnamn i etterkrigstida. Motiv, haldningar og motsetnader. <em>Namn og nemne</em> (nr. 6), 15–26. – Mellomfagsoppgåve i nordisk. [<a href="http://www.krundalen.no/blogg/?page_id=114">fulltekst</a>]</p>
<p><strong>2.2 Bokmeldingar</strong></p>
<p>(2014). Bokomtale: Frå Holck til Heggø. Fargerike stortingsfigurar i ny bok. <em>Årbok Høyanger</em>, 94–95.</p>
<p>(1995). Anti-nasjonal språkhistorieskriving [melding av Torp/Vikør: Hovuddrag i norsk språkhistorie]. <em>Mål og makt</em> (nr. 3), 39–48.</p>
<p>(1994). Varmt forsvar for Indrebø [melding av Inger Indrebø Eidissen / Gustav Indrebø. Ei livsskildring]. <em>Dag og Tid</em> (13.5.).</p>
<p>(1993). Jan Prahl og andre bergensmålmenn [melding av Jostein Krokvik / Ny Hungrvekja og Jan Prahl]. <em>Mål og makt</em> (nr. 4), 42–51.</p>
<p>(1993). Det gamle arbeidslivet [melding av Einar Hovdhaugen / Frå det gamle arbeidslivet]. <em>Dag og Tid</em> (16.12.).</p>
<p>(1991). Fosna eller Kristiansund? [melding av Ola Stemshaug / Stridane om bynamna Fosna – Kristiansund]. <em>Eg. Meldingsblad for norsk målungdom</em> (nr. 1).</p>
