{"id":1110,"date":"2013-11-05T23:48:45","date_gmt":"2013-11-05T21:48:45","guid":{"rendered":"http:\/\/www.krundalen.no\/blogg\/?page_id=1110"},"modified":"2013-11-05T23:48:45","modified_gmt":"2013-11-05T21:48:45","slug":"framveksten-av-demokratiet-i-sogn-og-fjordane-foredrag-2013","status":"publish","type":"page","link":"https:\/\/www.krundalen.no\/blogg\/tekstar\/upubliserte-faglege-arbeid\/framveksten-av-demokratiet-i-sogn-og-fjordane-foredrag-2013\/","title":{"rendered":"Framveksten av demokratiet i Sogn og Fjordane (f\u00f8redrag 2013)"},"content":{"rendered":"<p>Hoel, Oddmund L. (2013). <em>Framveksten av demokratiet i Sogn og Fjordane.<\/em> Upublisert f\u00f8redrag p\u00e5 Gaularseminaret, \u00c5mot operagard, 5.11.2013.<\/p>\n<p><a href=\"http:\/\/www.krundalen.no\/blogg\/wp-content\/uploads\/2013\/11\/F\u00f8redrag-Gaularseminaret-5nov13.pdf\">Presentasjon<\/a> (pdf)<\/p>\n<p><a href=\"http:\/\/www.sfj250.no\/gaularseminaret-kva-verdiar-ligg-i-ting-historia\">Omtale og program<\/a> (sfj250.no)<\/p>\n","protected":false},"excerpt":{"rendered":"<p>Hoel, Oddmund L. (2013). Framveksten av demokratiet i Sogn og Fjordane. Upublisert f\u00f8redrag p\u00e5 Gaularseminaret, \u00c5mot operagard, 5.11.2013. Presentasjon (pdf) Omtale og program (sfj250.no)<\/p>\n","protected":false},"author":2,"featured_media":0,"parent":110,"menu_order":1,"comment_status":"open","ping_status":"open","template":"","meta":{"_acf_changed":false,"footnotes":""},"class_list":["post-1110","page","type-page","status-publish","hentry"],"acf":[],"_links":{"self":[{"href":"https:\/\/www.krundalen.no\/blogg\/wp-json\/wp\/v2\/pages\/1110"}],"collection":[{"href":"https:\/\/www.krundalen.no\/blogg\/wp-json\/wp\/v2\/pages"}],"about":[{"href":"https:\/\/www.krundalen.no\/blogg\/wp-json\/wp\/v2\/types\/page"}],"author":[{"embeddable":true,"href":"https:\/\/www.krundalen.no\/blogg\/wp-json\/wp\/v2\/users\/2"}],"replies":[{"embeddable":true,"href":"https:\/\/www.krundalen.no\/blogg\/wp-json\/wp\/v2\/comments?post=1110"}],"version-history":[{"count":1,"href":"https:\/\/www.krundalen.no\/blogg\/wp-json\/wp\/v2\/pages\/1110\/revisions"}],"predecessor-version":[{"id":1112,"href":"https:\/\/www.krundalen.no\/blogg\/wp-json\/wp\/v2\/pages\/1110\/revisions\/1112"}],"up":[{"embeddable":true,"href":"https:\/\/www.krundalen.no\/blogg\/wp-json\/wp\/v2\/pages\/110"}],"wp:attachment":[{"href":"https:\/\/www.krundalen.no\/blogg\/wp-json\/wp\/v2\/media?parent=1110"}],"curies":[{"name":"wp","href":"https:\/\/api.w.org\/{rel}","templated":true}]}}

Framveksten av demokratiet i Sogn og Fjordane (føredrag 2013)

<p>Hoel, Oddmund L. (2013). <em>Framveksten av demokratiet i Sogn og Fjordane.</em> Upublisert føredrag på Gaularseminaret, Åmot operagard, 5.11.2013.</p>
<p><a href="http://www.krundalen.no/blogg/wp-content/uploads/2013/11/Føredrag-Gaularseminaret-5nov13.pdf">Presentasjon</a> (pdf)</p>
<p><a href="http://www.sfj250.no/gaularseminaret-kva-verdiar-ligg-i-ting-historia">Omtale og program</a> (sfj250.no)</p>

<p>Hoel, Oddmund L. (2013). Framveksten av demokratiet i Sogn og Fjordane. Upublisert føredrag på Gaularseminaret, Åmot operagard, 5.11.2013. Presentasjon (pdf) Omtale og program (sfj250.no)</p>
