{"id":1157,"date":"2014-06-13T00:21:02","date_gmt":"2014-06-12T22:21:02","guid":{"rendered":"http:\/\/www.krundalen.no\/blogg\/?page_id=1157"},"modified":"2025-04-23T17:31:12","modified_gmt":"2025-04-23T15:31:12","slug":"dei-fyrste-valmenn-og-roystefore-i-sogn-med-vekt-pa-jostedalen-og-luster-bokartikkel-2014","status":"publish","type":"page","link":"https:\/\/www.krundalen.no\/blogg\/tekstar\/b%c3%b8ker\/dei-fyrste-valmenn-og-roystefore-i-sogn-med-vekt-pa-jostedalen-og-luster-bokartikkel-2014\/","title":{"rendered":"1814 i Sogn (fleire artiklar 2014)"},"content":{"rendered":"<p><a href=\"http:\/\/www.krundalen.no\/blogg\/wp-content\/uploads\/2014\/06\/1814-bok-omslag.jpg\"><img loading=\"lazy\" decoding=\"async\" class=\"alignleft size-thumbnail wp-image-1164\" src=\"http:\/\/www.krundalen.no\/blogg\/wp-content\/uploads\/2014\/06\/1814-bok-omslag-150x206.jpg\" alt=\"1814-bok omslag\" width=\"150\" height=\"206\" srcset=\"https:\/\/www.krundalen.no\/blogg\/wp-content\/uploads\/2014\/06\/1814-bok-omslag-150x206.jpg 150w, https:\/\/www.krundalen.no\/blogg\/wp-content\/uploads\/2014\/06\/1814-bok-omslag-300x412.jpg 300w, https:\/\/www.krundalen.no\/blogg\/wp-content\/uploads\/2014\/06\/1814-bok-omslag.jpg 559w\" sizes=\"(max-width: 150px) 100vw, 150px\" \/><\/a><strong>Hovudpublikasjon<\/strong><\/p>\n<p>Hoel, Oddmund L. (2014). Dei fyrste valmenn og r\u00f8ystef\u00f8re i Sogn med vekt p\u00e5 Jostedalen og Luster. I Jens Johan Hyvik, Oddmund L. Hoel og Harald Kr\u00f8vel (red.), <em>Med p\u00e5halden penn? 1814 sett fr\u00e5 Nordvestlandet og Telemark<\/em> (s. 397\u2013427). Oslo: Novus forlag.<\/p>\n<p><a href=\"http:\/\/www.krundalen.no\/blogg\/wp-content\/uploads\/2007\/04\/pdf.gif\"><img loading=\"lazy\" decoding=\"async\" class=\"alignleft size-full wp-image-35\" src=\"http:\/\/www.krundalen.no\/blogg\/wp-content\/uploads\/2007\/04\/pdf.gif\" alt=\"Pdf-ikon\" width=\"16\" height=\"16\" \/><\/a><a href=\"http:\/\/www.krundalen.no\/blogg\/wp-content\/uploads\/2014\/06\/Dei-fyrste-valmenn-og-r\u00f8ystef\u00f8re.pdf\">Fulltekst<\/a><\/p>\n<p>Artikkelen tek f\u00f8re seg korleis bededagen med vala til riksforsamlinga 18. mars 1814 vart gjennomf\u00f8rt i Sogn. Granskinga vert konsentrert om prestegjelda Luster og Jostedalen og til ein viss grad Hafslo i Indre Sogn. Det vert deretter gjeve ei framstilling av konfliktar og politiske prosessar som kan ha verka inn p\u00e5 valmannsvalet v\u00e5ren 1814. Luster var eit tidleg sentrum for haugianarane i Sogn, og haugianarane var sterkt medverkande b\u00e5de i reine allmugeinitiativ og i embetsmannsinitiativ i \u00e5ra f\u00f8r 1814 som hadde som m\u00e5l \u00e5 styrkja opplysningsniv\u00e5 og n\u00e6ringsutvikling. Artikkelen kan by p\u00e5 ei meir omfattande framstilling av det politiske milj\u00f8et i Luster kring 1814 enn tidlegare og argumenterer for at konflikten mellom sokneprest Edvard Qvale og dei leiande haugianarane m\u00e5 ha spela inn i valet til riksforsamlinga. I det vesle prestegjeldet Jostedalen gjorde ei anna konflikt seg etter alt \u00e5 d\u00f8ma gjeldande d\u00e5 prestegjeldet valde to b\u00f8nder og ikkje soknepresten som valmenn, nemleg ein rettsprosess der soknepresten hadde meldt fleire representantar for det fremste allmugesjiktet for \u00abuordener\u00bb (festing og kortspel) i kj\u00f8lvatnet av ein auksjon. Til slutt vert det analysert kven som skaffa seg r\u00f8ysterett i Jostedalen i \u00e5ra etter 1814, og det vert rekna ut kor stor del av alle vaksne menn som hadde tilgang til og som skaffa seg r\u00f8ysterett.<\/p>\n<p><a href=\"https:\/\/www.academia.edu\/30307442\/Innleiing_til_boka_Med_p%C3%A5halden_penn._1814_sett_fr%C3%A5_Nordvestlandet_og_Telemark_\"><strong>Innleiinga<\/strong> i boka<\/a> (s. 9\u201348) er skriven i samarbeid av dei tre redakt\u00f8rane og gjev ei innf\u00f8ring i dei storpolitiske hendingane kring 1814 og retningslinene for vala til riksforsamlinga. Innleiinga oppsummerer og analyserer dessutan funna i artiklane i boka.<\/p>\n<p>Artikkelen og boka er vorten til innanfor prosjektet &laquo;Det lokale, 1814 og Grunnlova. studiar fr\u00e5 Nordvestlandet og Telemark&raquo; (2011\u20132014).<\/p>\n<p><strong>Andre artiklar med utgangspunkt i boka (2014)<\/strong><\/p>\n<ul>\n<li>Vala til riksforsamlinga 1814 i Sogn og haugianarane i Luster. <em>\u00c5rbok for Sogn,<\/em> 2014, s. 24\u201343. [<a href=\"http:\/\/www.krundalen.no\/blogg\/wp-content\/uploads\/2011\/03\/Hoel-%C3%85rbok-for-Sogn-2014.pdf\">fulltekst<\/a>]\u2013 Noko grundigare enn bokartikkelen om haugianismen i Luster.<\/li>\n<li>1814: Val til riksforsamlinga og &laquo;uordener&raquo; i Kroken. <em>Jostedal skule- og bygdeavis, <\/em>2014 (nr. 58), s. 92\u201395.\u00a0[<a href=\"http:\/\/www.krundalen.no\/blogg\/wp-content\/uploads\/2007\/05\/1814-i-JSA-2014.pdf\">fulltekst<\/a>] \u2013 Grundigare enn bokartikkelen om konflikten mellom soknepresten nokre framst\u00e5ande allmugemenn.<\/li>\n<li>1814 &#8211; det mirakul\u00f8se \u00e5ret i Lavik prestegjeld (i lag med Anders Timberlid). <em>\u00c5rbok H\u00f8yanger<\/em>, 2014, s. 78\u201385.<\/li>\n<li>Bededagen i 1814\u00a0\u2013 ein studie i oppr\u00f8r (i lag med Anders Timberlid), kronikk i <em>Firda<\/em> (18.3.2014), <em>Firdaposten<\/em> (18.3.), <em>Sogn Avis<\/em> (19.3.), <em>Firda Tidend<\/em> (19.3.2014) og <em>Ytre Sogn<\/em> (25.3.2014). \u2013\u00a0F\u00f8lgt opp med debattinnlegg i <em>Sogn Avis<\/em> 31.3.2014.<\/li>\n<\/ul>\n<p><strong>F\u00f8redrag med utgangspunkt i boka (2014)<\/strong><\/p>\n<ul>\n<li><em>1814 sett fr\u00e5 Nordre Bergenhus. <\/em>Upublisert f\u00f8relesing for Senioruniversitetet i F\u00f8rde, 12.11.2014. [<a href=\"http:\/\/www.krundalen.no\/blogg\/wp-content\/uploads\/2011\/03\/1814-sett-fr\u00e5-Nordre-Bergenhus-F\u00f8rde-18nov14.pdf\">presentasjon<\/a>]<\/li>\n<li><em>Luster i 1814. <\/em>Upublisert laurdagsf\u00f8redrag p\u00e5 Luster bibliotek, 8.11.2014.<\/li>\n<li><em>\u00c5ret 1814 i Sogn. <\/em>Upublisert f\u00f8redrag p\u00e5 1814-seminar i L\u00e6rdal kulturhus 19. juni 2014. Arr: 1814-nemnda i L\u00e6rdal og H\u00f8gskulen i Sogn og Fjordane. [<a href=\"http:\/\/www.krundalen.no\/blogg\/wp-content\/uploads\/2007\/05\/\u00c5ret-1814-i-Sogn-L\u00e6rdal-19juni14.pdf\">presentasjon<\/a>]<\/li>\n<li>Intervju p\u00e5 ettermiddagssendinga til NRK Sogn og Fjordane 16. juni \u00a02014.<\/li>\n<li><em>1814 i Jostedalen: val til Eidsvoll, ein auksjon i Kroken og ein oppfarande prest.<\/em> Upublisert f\u00f8redrag p\u00e5 Grunnlovskveld i Berget, Jostedalen, 12. juni 2014. Arr: Jostedal historielag, Jostedal helselag, Folkeakademiet i Luster og Luster bibliotek.<\/li>\n<li>Presentasjon av boka p\u00e5 bokkaf\u00e9en til HiSF-biblioteket, 12. juni 2014.<\/li>\n<\/ul>\n<p><strong>Omtaler\/medieoppslag<\/strong><\/p>\n<ul>\n<li><a href=\"https:\/\/www.cristin.no\/app\/projects\/show.jsf?id=385355\">Prosjektside i Cristin med alle publikasjonar fr\u00e5 prosjektet<\/a><\/li>\n<li><a href=\"http:\/\/facebook.com\/1814nedanfraa\">Facebook-side for boka<\/a><\/li>\n<\/ul>\n","protected":false},"excerpt":{"rendered":"<p>Hovudpublikasjon Hoel, Oddmund L. (2014). Dei fyrste valmenn og r\u00f8ystef\u00f8re i Sogn med vekt p\u00e5 Jostedalen og Luster. I Jens Johan Hyvik, Oddmund L. Hoel og Harald Kr\u00f8vel (red.), Med p\u00e5halden penn? 1814 sett fr\u00e5 Nordvestlandet og Telemark (s. 397\u2013427). &hellip; <a href=\"https:\/\/www.krundalen.no\/blogg\/tekstar\/b%c3%b8ker\/dei-fyrste-valmenn-og-roystefore-i-sogn-med-vekt-pa-jostedalen-og-luster-bokartikkel-2014\/\">Les meir <span class=\"meta-nav\">&rarr;<\/span><\/a><\/p>\n","protected":false},"author":2,"featured_media":0,"parent":108,"menu_order":1,"comment_status":"open","ping_status":"open","template":"","meta":{"_acf_changed":false,"footnotes":""},"class_list":["post-1157","page","type-page","status-publish","hentry"],"acf":[],"_links":{"self":[{"href":"https:\/\/www.krundalen.no\/blogg\/wp-json\/wp\/v2\/pages\/1157"}],"collection":[{"href":"https:\/\/www.krundalen.no\/blogg\/wp-json\/wp\/v2\/pages"}],"about":[{"href":"https:\/\/www.krundalen.no\/blogg\/wp-json\/wp\/v2\/types\/page"}],"author":[{"embeddable":true,"href":"https:\/\/www.krundalen.no\/blogg\/wp-json\/wp\/v2\/users\/2"}],"replies":[{"embeddable":true,"href":"https:\/\/www.krundalen.no\/blogg\/wp-json\/wp\/v2\/comments?post=1157"}],"version-history":[{"count":15,"href":"https:\/\/www.krundalen.no\/blogg\/wp-json\/wp\/v2\/pages\/1157\/revisions"}],"predecessor-version":[{"id":1763,"href":"https:\/\/www.krundalen.no\/blogg\/wp-json\/wp\/v2\/pages\/1157\/revisions\/1763"}],"up":[{"embeddable":true,"href":"https:\/\/www.krundalen.no\/blogg\/wp-json\/wp\/v2\/pages\/108"}],"wp:attachment":[{"href":"https:\/\/www.krundalen.no\/blogg\/wp-json\/wp\/v2\/media?parent=1157"}],"curies":[{"name":"wp","href":"https:\/\/api.w.org\/{rel}","templated":true}]}}

<p><a href="http://www.krundalen.no/blogg/wp-content/uploads/2014/06/1814-bok-omslag.jpg"><img loading="lazy" decoding="async" class="alignleft size-thumbnail wp-image-1164" src="http://www.krundalen.no/blogg/wp-content/uploads/2014/06/1814-bok-omslag-150x206.jpg" alt="1814-bok omslag" width="150" height="206" srcset="https://www.krundalen.no/blogg/wp-content/uploads/2014/06/1814-bok-omslag-150x206.jpg 150w, https://www.krundalen.no/blogg/wp-content/uploads/2014/06/1814-bok-omslag-300x412.jpg 300w, https://www.krundalen.no/blogg/wp-content/uploads/2014/06/1814-bok-omslag.jpg 559w" sizes="(max-width: 150px) 100vw, 150px" /></a><strong>Hovudpublikasjon</strong></p>
<p>Hoel, Oddmund L. (2014). Dei fyrste valmenn og røysteføre i Sogn med vekt på Jostedalen og Luster. I Jens Johan Hyvik, Oddmund L. Hoel og Harald Krøvel (red.), <em>Med påhalden penn? 1814 sett frå Nordvestlandet og Telemark</em> (s. 397–427). Oslo: Novus forlag.</p>
<p><a href="http://www.krundalen.no/blogg/wp-content/uploads/2007/04/pdf.gif"><img loading="lazy" decoding="async" class="alignleft size-full wp-image-35" src="http://www.krundalen.no/blogg/wp-content/uploads/2007/04/pdf.gif" alt="Pdf-ikon" width="16" height="16" /></a><a href="http://www.krundalen.no/blogg/wp-content/uploads/2014/06/Dei-fyrste-valmenn-og-røysteføre.pdf">Fulltekst</a></p>
<p>Artikkelen tek føre seg korleis bededagen med vala til riksforsamlinga 18. mars 1814 vart gjennomført i Sogn. Granskinga vert konsentrert om prestegjelda Luster og Jostedalen og til ein viss grad Hafslo i Indre Sogn. Det vert deretter gjeve ei framstilling av konfliktar og politiske prosessar som kan ha verka inn på valmannsvalet våren 1814. Luster var eit tidleg sentrum for haugianarane i Sogn, og haugianarane var sterkt medverkande både i reine allmugeinitiativ og i embetsmannsinitiativ i åra før 1814 som hadde som mål å styrkja opplysningsnivå og næringsutvikling. Artikkelen kan by på ei meir omfattande framstilling av det politiske miljøet i Luster kring 1814 enn tidlegare og argumenterer for at konflikten mellom sokneprest Edvard Qvale og dei leiande haugianarane må ha spela inn i valet til riksforsamlinga. I det vesle prestegjeldet Jostedalen gjorde ei anna konflikt seg etter alt å døma gjeldande då prestegjeldet valde to bønder og ikkje soknepresten som valmenn, nemleg ein rettsprosess der soknepresten hadde meldt fleire representantar for det fremste allmugesjiktet for «uordener» (festing og kortspel) i kjølvatnet av ein auksjon. Til slutt vert det analysert kven som skaffa seg røysterett i Jostedalen i åra etter 1814, og det vert rekna ut kor stor del av alle vaksne menn som hadde tilgang til og som skaffa seg røysterett.</p>
<p><a href="https://www.academia.edu/30307442/Innleiing_til_boka_Med_p%C3%A5halden_penn._1814_sett_fr%C3%A5_Nordvestlandet_og_Telemark_"><strong>Innleiinga</strong> i boka</a> (s. 9–48) er skriven i samarbeid av dei tre redaktørane og gjev ei innføring i dei storpolitiske hendingane kring 1814 og retningslinene for vala til riksforsamlinga. Innleiinga oppsummerer og analyserer dessutan funna i artiklane i boka.</p>
<p>Artikkelen og boka er vorten til innanfor prosjektet &laquo;Det lokale, 1814 og Grunnlova. studiar frå Nordvestlandet og Telemark&raquo; (2011–2014).</p>
<p><strong>Andre artiklar med utgangspunkt i boka (2014)</strong></p>
<ul>
<li>Vala til riksforsamlinga 1814 i Sogn og haugianarane i Luster. <em>Årbok for Sogn,</em> 2014, s. 24–43. [<a href="http://www.krundalen.no/blogg/wp-content/uploads/2011/03/Hoel-%C3%85rbok-for-Sogn-2014.pdf">fulltekst</a>]– Noko grundigare enn bokartikkelen om haugianismen i Luster.</li>
<li>1814: Val til riksforsamlinga og &laquo;uordener&raquo; i Kroken. <em>Jostedal skule- og bygdeavis, </em>2014 (nr. 58), s. 92–95. [<a href="http://www.krundalen.no/blogg/wp-content/uploads/2007/05/1814-i-JSA-2014.pdf">fulltekst</a>] – Grundigare enn bokartikkelen om konflikten mellom soknepresten nokre framståande allmugemenn.</li>
<li>1814 &#8211; det mirakuløse året i Lavik prestegjeld (i lag med Anders Timberlid). <em>Årbok Høyanger</em>, 2014, s. 78–85.</li>
<li>Bededagen i 1814 – ein studie i opprør (i lag med Anders Timberlid), kronikk i <em>Firda</em> (18.3.2014), <em>Firdaposten</em> (18.3.), <em>Sogn Avis</em> (19.3.), <em>Firda Tidend</em> (19.3.2014) og <em>Ytre Sogn</em> (25.3.2014). – Følgt opp med debattinnlegg i <em>Sogn Avis</em> 31.3.2014.</li>
</ul>
<p><strong>Føredrag med utgangspunkt i boka (2014)</strong></p>
<ul>
<li><em>1814 sett frå Nordre Bergenhus. </em>Upublisert førelesing for Senioruniversitetet i Førde, 12.11.2014. [<a href="http://www.krundalen.no/blogg/wp-content/uploads/2011/03/1814-sett-frå-Nordre-Bergenhus-Førde-18nov14.pdf">presentasjon</a>]</li>
<li><em>Luster i 1814. </em>Upublisert laurdagsføredrag på Luster bibliotek, 8.11.2014.</li>
<li><em>Året 1814 i Sogn. </em>Upublisert føredrag på 1814-seminar i Lærdal kulturhus 19. juni 2014. Arr: 1814-nemnda i Lærdal og Høgskulen i Sogn og Fjordane. [<a href="http://www.krundalen.no/blogg/wp-content/uploads/2007/05/Året-1814-i-Sogn-Lærdal-19juni14.pdf">presentasjon</a>]</li>
<li>Intervju på ettermiddagssendinga til NRK Sogn og Fjordane 16. juni  2014.</li>
<li><em>1814 i Jostedalen: val til Eidsvoll, ein auksjon i Kroken og ein oppfarande prest.</em> Upublisert føredrag på Grunnlovskveld i Berget, Jostedalen, 12. juni 2014. Arr: Jostedal historielag, Jostedal helselag, Folkeakademiet i Luster og Luster bibliotek.</li>
<li>Presentasjon av boka på bokkaféen til HiSF-biblioteket, 12. juni 2014.</li>
</ul>
<p><strong>Omtaler/medieoppslag</strong></p>
<ul>
<li><a href="https://www.cristin.no/app/projects/show.jsf?id=385355">Prosjektside i Cristin med alle publikasjonar frå prosjektet</a></li>
<li><a href="http://facebook.com/1814nedanfraa">Facebook-side for boka</a></li>
</ul>

<p>Hovudpublikasjon Hoel, Oddmund L. (2014). Dei fyrste valmenn og røysteføre i Sogn med vekt på Jostedalen og Luster. I Jens Johan Hyvik, Oddmund L. Hoel og Harald Krøvel (red.), Med påhalden penn? 1814 sett frå Nordvestlandet og Telemark (s. 397–427). &hellip; <a href="https://www.krundalen.no/blogg/tekstar/b%c3%b8ker/dei-fyrste-valmenn-og-roystefore-i-sogn-med-vekt-pa-jostedalen-og-luster-bokartikkel-2014/">Les meir <span class="meta-nav">&rarr;</span></a></p>
