{"id":117,"date":"2007-05-03T10:24:12","date_gmt":"2007-05-03T08:24:12","guid":{"rendered":"http:\/\/www.krundalen.no\/blogg\/?page_id=117"},"modified":"2007-05-03T10:24:12","modified_gmt":"2007-05-03T08:24:12","slug":"ordb%c3%b8kene-til-ivar-aasen-maal-og-minne-1994","status":"publish","type":"page","link":"https:\/\/www.krundalen.no\/blogg\/tekstar\/tidsskriftartiklar-faglege\/ordb%c3%b8kene-til-ivar-aasen-maal-og-minne-1994\/","title":{"rendered":"Ordb\u00f8kene til Ivar Aasen (Maal og minne 1994)"},"content":{"rendered":"<p>Hoel, Oddmund L. (1994). Ordb\u00f8kene til Ivar Aasen. Prinsipp og metodar for innsamling og utval av ord. <em>Maal og minne<\/em> (nr. 3\/4), 147-166.\u00a0<\/p>\n<p>Byggjer p\u00e5 ei semesteroppg\u00e5ve i leksikografi, skrive p\u00e5 semesteremnet i leksikografi ved Universitetet i Oslo, hausten 1992.<\/p>\n<p><a href=\"http:\/\/nabo.nb.no\/trip?_t=0&amp;_b=NORART&amp;_r=190499\">Norart-oppf\u00f8ring<\/a><\/p>\n<p><img decoding=\"async\" src=\"http:\/\/www.krundalen.no\/blogg\/wp-content\/uploads\/2007\/04\/pdf.gif\" alt=\"Pdf-ikon\" \/>\u00a0<a href=\"http:\/\/www.krundalen.no\/blogg\/wp-content\/uploads\/2007\/05\/1994_aasen-ordb.pdf\" title=\"1994_aasen-ordb.pdf\">fulltekst<\/a> (pdf)<\/p>\n","protected":false},"excerpt":{"rendered":"<p>Hoel, Oddmund L. (1994). Ordb\u00f8kene til Ivar Aasen. Prinsipp og metodar for innsamling og utval av ord. Maal og minne (nr. 3\/4), 147-166.\u00a0 Byggjer p\u00e5 ei semesteroppg\u00e5ve i leksikografi, skrive p\u00e5 semesteremnet i leksikografi ved Universitetet i Oslo, hausten 1992. &hellip; <a href=\"https:\/\/www.krundalen.no\/blogg\/tekstar\/tidsskriftartiklar-faglege\/ordb%c3%b8kene-til-ivar-aasen-maal-og-minne-1994\/\">Les meir <span class=\"meta-nav\">&rarr;<\/span><\/a><\/p>\n","protected":false},"author":2,"featured_media":0,"parent":109,"menu_order":12,"comment_status":"open","ping_status":"open","template":"","meta":{"_acf_changed":false,"footnotes":""},"class_list":["post-117","page","type-page","status-publish","hentry"],"acf":[],"_links":{"self":[{"href":"https:\/\/www.krundalen.no\/blogg\/wp-json\/wp\/v2\/pages\/117"}],"collection":[{"href":"https:\/\/www.krundalen.no\/blogg\/wp-json\/wp\/v2\/pages"}],"about":[{"href":"https:\/\/www.krundalen.no\/blogg\/wp-json\/wp\/v2\/types\/page"}],"author":[{"embeddable":true,"href":"https:\/\/www.krundalen.no\/blogg\/wp-json\/wp\/v2\/users\/2"}],"replies":[{"embeddable":true,"href":"https:\/\/www.krundalen.no\/blogg\/wp-json\/wp\/v2\/comments?post=117"}],"version-history":[{"count":0,"href":"https:\/\/www.krundalen.no\/blogg\/wp-json\/wp\/v2\/pages\/117\/revisions"}],"up":[{"embeddable":true,"href":"https:\/\/www.krundalen.no\/blogg\/wp-json\/wp\/v2\/pages\/109"}],"wp:attachment":[{"href":"https:\/\/www.krundalen.no\/blogg\/wp-json\/wp\/v2\/media?parent=117"}],"curies":[{"name":"wp","href":"https:\/\/api.w.org\/{rel}","templated":true}]}}