{"id":119,"date":"2007-05-04T09:11:19","date_gmt":"2007-05-04T07:11:19","guid":{"rendered":"http:\/\/www.krundalen.no\/blogg\/?page_id=119"},"modified":"2007-05-04T09:11:19","modified_gmt":"2007-05-04T07:11:19","slug":"fra-al-qaida-til-us-army-den-organiserte-malr%c3%b8rsla-f%c3%b8r-1930-mal-og-makt-2006","status":"publish","type":"page","link":"https:\/\/www.krundalen.no\/blogg\/tekstar\/tidsskriftartiklar-faglege\/fra-al-qaida-til-us-army-den-organiserte-malr%c3%b8rsla-f%c3%b8r-1930-mal-og-makt-2006\/","title":{"rendered":"Fr\u00e5 al-Qaida til US Army. Den organiserte m\u00e5lr\u00f8rsla f\u00f8r 1930 (M\u00e5l og makt 2006)"},"content":{"rendered":"<p>Hoel, Oddmund L. (2006). Fr\u00e5 al-Qaida til US Army. Den organiserte m\u00e5lr\u00f8rsla f\u00f8r 1930. <em>M\u00e5l og makt<\/em> (nr. 1), 10-19.\u00a0<\/p>\n<p>Halde som f\u00f8redrag p\u00e5 &laquo;Mange r\u00f8yster &#8211; felles m\u00e5l. Jubileumsseminar i Noregs M\u00e5llag&raquo;, Oslo 4. februar 2006. Artikkelen er noko lenger enn den framf\u00f8rte versjonen, men elles ikkje endra.\u00a0<\/p>\n<p><a href=\"http:\/\/nabo.nb.no\/trip?_t=0&amp;_b=NORART&amp;_r=393771\">Norart-oppf\u00f8ring<\/a>\u00a0<\/p>\n<p><img decoding=\"async\" src=\"http:\/\/www.krundalen.no\/blogg\/wp-content\/uploads\/2007\/04\/pdf.gif\" alt=\"Pdf-ikon\" \/>\u00a0<a href=\"http:\/\/www.krundalen.no\/blogg\/wp-content\/uploads\/2007\/05\/2006_jubseminar.pdf\" title=\"2006_jubseminar.pdf\">fulltekst<\/a> (pdf)<\/p>\n","protected":false},"excerpt":{"rendered":"<p>Hoel, Oddmund L. (2006). Fr\u00e5 al-Qaida til US Army. Den organiserte m\u00e5lr\u00f8rsla f\u00f8r 1930. M\u00e5l og makt (nr. 1), 10-19.\u00a0 Halde som f\u00f8redrag p\u00e5 &laquo;Mange r\u00f8yster &#8211; felles m\u00e5l. Jubileumsseminar i Noregs M\u00e5llag&raquo;, Oslo 4. februar 2006. Artikkelen er noko &hellip; <a href=\"https:\/\/www.krundalen.no\/blogg\/tekstar\/tidsskriftartiklar-faglege\/fra-al-qaida-til-us-army-den-organiserte-malr%c3%b8rsla-f%c3%b8r-1930-mal-og-makt-2006\/\">Les meir <span class=\"meta-nav\">&rarr;<\/span><\/a><\/p>\n","protected":false},"author":2,"featured_media":0,"parent":109,"menu_order":8,"comment_status":"open","ping_status":"open","template":"","meta":{"_acf_changed":false,"footnotes":""},"class_list":["post-119","page","type-page","status-publish","hentry"],"acf":[],"_links":{"self":[{"href":"https:\/\/www.krundalen.no\/blogg\/wp-json\/wp\/v2\/pages\/119"}],"collection":[{"href":"https:\/\/www.krundalen.no\/blogg\/wp-json\/wp\/v2\/pages"}],"about":[{"href":"https:\/\/www.krundalen.no\/blogg\/wp-json\/wp\/v2\/types\/page"}],"author":[{"embeddable":true,"href":"https:\/\/www.krundalen.no\/blogg\/wp-json\/wp\/v2\/users\/2"}],"replies":[{"embeddable":true,"href":"https:\/\/www.krundalen.no\/blogg\/wp-json\/wp\/v2\/comments?post=119"}],"version-history":[{"count":0,"href":"https:\/\/www.krundalen.no\/blogg\/wp-json\/wp\/v2\/pages\/119\/revisions"}],"up":[{"embeddable":true,"href":"https:\/\/www.krundalen.no\/blogg\/wp-json\/wp\/v2\/pages\/109"}],"wp:attachment":[{"href":"https:\/\/www.krundalen.no\/blogg\/wp-json\/wp\/v2\/media?parent=119"}],"curies":[{"name":"wp","href":"https:\/\/api.w.org\/{rel}","templated":true}]}}

Frå al-Qaida til US Army. Den organiserte målrørsla før 1930 (Mål og makt 2006)

<p>Hoel, Oddmund L. (2006). Frå al-Qaida til US Army. Den organiserte målrørsla før 1930. <em>Mål og makt</em> (nr. 1), 10-19. </p>
<p>Halde som føredrag på &laquo;Mange røyster &#8211; felles mål. Jubileumsseminar i Noregs Mållag&raquo;, Oslo 4. februar 2006. Artikkelen er noko lenger enn den framførte versjonen, men elles ikkje endra. </p>
<p><a href="http://nabo.nb.no/trip?_t=0&amp;_b=NORART&amp;_r=393771">Norart-oppføring</a> </p>
<p><img decoding="async" src="http://www.krundalen.no/blogg/wp-content/uploads/2007/04/pdf.gif" alt="Pdf-ikon" /> <a href="http://www.krundalen.no/blogg/wp-content/uploads/2007/05/2006_jubseminar.pdf" title="2006_jubseminar.pdf">fulltekst</a> (pdf)</p>

<p>Hoel, Oddmund L. (2006). Frå al-Qaida til US Army. Den organiserte målrørsla før 1930. Mål og makt (nr. 1), 10-19.  Halde som føredrag på &laquo;Mange røyster &#8211; felles mål. Jubileumsseminar i Noregs Mållag&raquo;, Oslo 4. februar 2006. Artikkelen er noko &hellip; <a href="https://www.krundalen.no/blogg/tekstar/tidsskriftartiklar-faglege/fra-al-qaida-til-us-army-den-organiserte-malr%c3%b8rsla-f%c3%b8r-1930-mal-og-makt-2006/">Les meir <span class="meta-nav">&rarr;</span></a></p>
