{"id":126,"date":"2007-05-07T20:34:23","date_gmt":"2007-05-07T18:34:23","guid":{"rendered":"http:\/\/www.krundalen.no\/blogg\/?page_id=126"},"modified":"2012-02-03T22:50:03","modified_gmt":"2012-02-03T20:50:03","slug":"5-malpolitiske-artiklar","status":"publish","type":"page","link":"https:\/\/www.krundalen.no\/blogg\/tekstar\/5-malpolitiske-artiklar\/","title":{"rendered":"5 M\u00e5lpolitiske artiklar"},"content":{"rendered":"<p>Her ligg dei viktigaste m\u00e5lpolitiske tekstane eg skreiv i tida mi som leiar i Noregs m\u00e5llag fr\u00e5 1999 til 2002.<\/p>\n<p><a href=\"http:\/\/www.krundalen.no\/blogg\/?page_id=136\">Den internasjonale m\u00e5lr\u00f8rsla<\/a> (bokartikkel 2002)<br \/>\n<a href=\"http:\/\/www.krundalen.no\/blogg\/?page_id=137\">Gobalisering av kultur<\/a> (saman Trond S\u00e6b\u00f8 Skarpeteig, bokartikkel 2002)<br \/>\n<a href=\"http:\/\/www.krundalen.no\/blogg\/?page_id=138\">Strategiske utfordringar for m\u00e5lr\u00f8rsla <\/a>(bokartikkel 2001)<br \/>\n<a href=\"http:\/\/www.krundalen.no\/blogg\/?page_id=139\">M\u00e5lr\u00f8rsla og kampen om det offentlege rommet <\/a>(M\u00e5l og makt 2000)<br \/>\n<a href=\"http:\/\/www.krundalen.no\/blogg\/?page_id=151\">Ordtilfanget og m\u00e5lr\u00f8rsla <\/a>(bokartikkel 1998)<\/p>\n<p><strong>Landsm\u00f8tetaler<\/strong><\/p>\n<p><a href=\"http:\/\/www.krundalen.no\/blogg\/?page_id=133\">Leiartala 2002<\/a>, landsm\u00f8tet i Oslo 26.-28. april<br \/>\n<a href=\"http:\/\/www.krundalen.no\/blogg\/?page_id=134\">Leiartala 2001<\/a>, landsm\u00f8tet p\u00e5 Bryne 27.-29. juli<br \/>\n<a href=\"http:\/\/www.krundalen.no\/blogg\/?page_id=135\">Leiartala 2000<\/a>, landsm\u00f8tet i Bergen 28.-30. juli<\/p>\n<p><strong>Leiarartiklar i Norsk Tidend<\/strong><\/p>\n<p><a href=\"http:\/\/www.krundalen.no\/blogg\/?page_id=99\">Den tvitydige hovudstaden <\/a>(1\/2002)<br \/>\n<a href=\"http:\/\/www.krundalen.no\/blogg\/?page_id=120\">M\u00e5lstriden framover: meir global og meir nasjonal <\/a>(5\/2001)<br \/>\n<a href=\"http:\/\/www.krundalen.no\/blogg\/?page_id=121\">M\u00e5larbeidsregjeringa?<\/a> (4\/2001)<br \/>\n<a href=\"http:\/\/www.krundalen.no\/blogg\/?page_id=122\">R\u00f8yst nynorsk! <\/a>(3\/2001)<br \/>\n<a href=\"http:\/\/www.krundalen.no\/blogg\/?page_id=123\">Usikker framtid <\/a>(2\/2001)<br \/>\n<a href=\"http:\/\/www.krundalen.no\/blogg\/?page_id=124\">H\u00f8gre \u2013 eit riksm\u00e5lsparti?<\/a> (1\/2001)<br \/>\n<a href=\"http:\/\/www.krundalen.no\/blogg\/?page_id=125\">Ny kamp for nynorsk i media<\/a> (5\/2000)<br \/>\n<a href=\"http:\/\/www.krundalen.no\/blogg\/?page_id=127\">Forsvar nynorskoppl\u00e6ringa for alle!<\/a> (4\/2000)<br \/>\n<a href=\"http:\/\/www.krundalen.no\/blogg\/?page_id=128\">\u00c5lmenn r\u00f8ysterett fr\u00e5 hausten <\/a>(3\/2000)<br \/>\n<a href=\"http:\/\/www.krundalen.no\/blogg\/?page_id=129\">Regjeringsskifte og kulturstrid <\/a>(2\/2000)<br \/>\n<a href=\"http:\/\/www.krundalen.no\/blogg\/?page_id=130\">Nynorsk som IT-spr\u00e5k <\/a>(1\/2000)<br \/>\n<a href=\"http:\/\/www.krundalen.no\/blogg\/?page_id=131\">Tusen \u00e5r til <\/a>(4\/1999)<br \/>\n<a href=\"http:\/\/www.krundalen.no\/blogg\/?page_id=132\">100 \u00e5rs m\u00e5lstrev og bakstrev <\/a>(3\/1999)<\/p>\n","protected":false},"excerpt":{"rendered":"<p>Her ligg dei viktigaste m\u00e5lpolitiske tekstane eg skreiv i tida mi som leiar i Noregs m\u00e5llag fr\u00e5 1999 til 2002. Den internasjonale m\u00e5lr\u00f8rsla (bokartikkel 2002) Gobalisering av kultur (saman Trond S\u00e6b\u00f8 Skarpeteig, bokartikkel 2002) Strategiske utfordringar for m\u00e5lr\u00f8rsla (bokartikkel 2001) &hellip; <a href=\"https:\/\/www.krundalen.no\/blogg\/tekstar\/5-malpolitiske-artiklar\/\">Les meir <span class=\"meta-nav\">&rarr;<\/span><\/a><\/p>\n","protected":false},"author":2,"featured_media":0,"parent":30,"menu_order":5,"comment_status":"open","ping_status":"open","template":"","meta":{"_acf_changed":false,"footnotes":""},"class_list":["post-126","page","type-page","status-publish","hentry"],"acf":[],"_links":{"self":[{"href":"https:\/\/www.krundalen.no\/blogg\/wp-json\/wp\/v2\/pages\/126"}],"collection":[{"href":"https:\/\/www.krundalen.no\/blogg\/wp-json\/wp\/v2\/pages"}],"about":[{"href":"https:\/\/www.krundalen.no\/blogg\/wp-json\/wp\/v2\/types\/page"}],"author":[{"embeddable":true,"href":"https:\/\/www.krundalen.no\/blogg\/wp-json\/wp\/v2\/users\/2"}],"replies":[{"embeddable":true,"href":"https:\/\/www.krundalen.no\/blogg\/wp-json\/wp\/v2\/comments?post=126"}],"version-history":[{"count":1,"href":"https:\/\/www.krundalen.no\/blogg\/wp-json\/wp\/v2\/pages\/126\/revisions"}],"predecessor-version":[{"id":954,"href":"https:\/\/www.krundalen.no\/blogg\/wp-json\/wp\/v2\/pages\/126\/revisions\/954"}],"up":[{"embeddable":true,"href":"https:\/\/www.krundalen.no\/blogg\/wp-json\/wp\/v2\/pages\/30"}],"wp:attachment":[{"href":"https:\/\/www.krundalen.no\/blogg\/wp-json\/wp\/v2\/media?parent=126"}],"curies":[{"name":"wp","href":"https:\/\/api.w.org\/{rel}","templated":true}]}}

5 Målpolitiske artiklar

<p>Her ligg dei viktigaste målpolitiske tekstane eg skreiv i tida mi som leiar i Noregs mållag frå 1999 til 2002.</p>
<p><a href="http://www.krundalen.no/blogg/?page_id=136">Den internasjonale målrørsla</a> (bokartikkel 2002)<br />
<a href="http://www.krundalen.no/blogg/?page_id=137">Gobalisering av kultur</a> (saman Trond Sæbø Skarpeteig, bokartikkel 2002)<br />
<a href="http://www.krundalen.no/blogg/?page_id=138">Strategiske utfordringar for målrørsla </a>(bokartikkel 2001)<br />
<a href="http://www.krundalen.no/blogg/?page_id=139">Målrørsla og kampen om det offentlege rommet </a>(Mål og makt 2000)<br />
<a href="http://www.krundalen.no/blogg/?page_id=151">Ordtilfanget og målrørsla </a>(bokartikkel 1998)</p>
<p><strong>Landsmøtetaler</strong></p>
<p><a href="http://www.krundalen.no/blogg/?page_id=133">Leiartala 2002</a>, landsmøtet i Oslo 26.-28. april<br />
<a href="http://www.krundalen.no/blogg/?page_id=134">Leiartala 2001</a>, landsmøtet på Bryne 27.-29. juli<br />
<a href="http://www.krundalen.no/blogg/?page_id=135">Leiartala 2000</a>, landsmøtet i Bergen 28.-30. juli</p>
<p><strong>Leiarartiklar i Norsk Tidend</strong></p>
<p><a href="http://www.krundalen.no/blogg/?page_id=99">Den tvitydige hovudstaden </a>(1/2002)<br />
<a href="http://www.krundalen.no/blogg/?page_id=120">Målstriden framover: meir global og meir nasjonal </a>(5/2001)<br />
<a href="http://www.krundalen.no/blogg/?page_id=121">Målarbeidsregjeringa?</a> (4/2001)<br />
<a href="http://www.krundalen.no/blogg/?page_id=122">Røyst nynorsk! </a>(3/2001)<br />
<a href="http://www.krundalen.no/blogg/?page_id=123">Usikker framtid </a>(2/2001)<br />
<a href="http://www.krundalen.no/blogg/?page_id=124">Høgre – eit riksmålsparti?</a> (1/2001)<br />
<a href="http://www.krundalen.no/blogg/?page_id=125">Ny kamp for nynorsk i media</a> (5/2000)<br />
<a href="http://www.krundalen.no/blogg/?page_id=127">Forsvar nynorskopplæringa for alle!</a> (4/2000)<br />
<a href="http://www.krundalen.no/blogg/?page_id=128">Ålmenn røysterett frå hausten </a>(3/2000)<br />
<a href="http://www.krundalen.no/blogg/?page_id=129">Regjeringsskifte og kulturstrid </a>(2/2000)<br />
<a href="http://www.krundalen.no/blogg/?page_id=130">Nynorsk som IT-språk </a>(1/2000)<br />
<a href="http://www.krundalen.no/blogg/?page_id=131">Tusen år til </a>(4/1999)<br />
<a href="http://www.krundalen.no/blogg/?page_id=132">100 års målstrev og bakstrev </a>(3/1999)</p>

<p>Her ligg dei viktigaste målpolitiske tekstane eg skreiv i tida mi som leiar i Noregs mållag frå 1999 til 2002. Den internasjonale målrørsla (bokartikkel 2002) Gobalisering av kultur (saman Trond Sæbø Skarpeteig, bokartikkel 2002) Strategiske utfordringar for målrørsla (bokartikkel 2001) &hellip; <a href="https://www.krundalen.no/blogg/tekstar/5-malpolitiske-artiklar/">Les meir <span class="meta-nav">&rarr;</span></a></p>
