{"id":1590,"date":"2021-02-21T20:31:47","date_gmt":"2021-02-21T18:31:47","guid":{"rendered":"http:\/\/www.krundalen.no\/blogg\/?page_id=1590"},"modified":"2021-04-09T13:51:22","modified_gmt":"2021-04-09T11:51:22","slug":"fotoarkiv-pa-flickr","status":"publish","type":"page","link":"https:\/\/www.krundalen.no\/blogg\/om\/fotoarkiv-pa-flickr\/","title":{"rendered":"Fotoarkiv p\u00e5 Flickr"},"content":{"rendered":"<p><a href=\"http:\/\/www.krundalen.no\/blogg\/wp-content\/uploads\/2021\/02\/flickr-heading.jpg\"><img loading=\"lazy\" decoding=\"async\" class=\"alignleft wp-image-1594 size-large\" src=\"http:\/\/www.krundalen.no\/blogg\/wp-content\/uploads\/2021\/02\/flickr-heading-1024x387.jpg\" alt=\"\" width=\"640\" height=\"242\" srcset=\"https:\/\/www.krundalen.no\/blogg\/wp-content\/uploads\/2021\/02\/flickr-heading-1024x387.jpg 1024w, https:\/\/www.krundalen.no\/blogg\/wp-content\/uploads\/2021\/02\/flickr-heading-150x57.jpg 150w, https:\/\/www.krundalen.no\/blogg\/wp-content\/uploads\/2021\/02\/flickr-heading-300x113.jpg 300w, https:\/\/www.krundalen.no\/blogg\/wp-content\/uploads\/2021\/02\/flickr-heading-768x290.jpg 768w, https:\/\/www.krundalen.no\/blogg\/wp-content\/uploads\/2021\/02\/flickr-heading.jpg 1175w\" sizes=\"(max-width: 640px) 100vw, 640px\" \/><\/a><\/p>\n<p><a href=\"https:\/\/flickr.com\/photos\/146145447@N03\/\"><strong>G\u00e5 til fotoarkivet p\u00e5 Flickr<\/strong><\/a><\/p>\n<p style=\"padding-left: 30px;\"><a href=\"https:\/\/hvl365-my.sharepoint.com\/:w:\/g\/personal\/oddloho_hvl_no\/EdiWQW5cWDNFhRnvCPs6VuAB4KAH1B9q9AfGWshjTvUnQQ?e=fBNm3y\">Foto- og filmsamlinga &#8211; katalog\/oversyn<\/a> (oppdatert)<\/p>\n<p>Fotoarkivet inneheld bilete fr\u00e5 samlinga til foreldra mine, Torlaug og \u00d8yvind Hoel, og deira familiar. Fotoa fr\u00e5 \u00d8yvind si side utgjer kring 90 prosent av samlinga.<\/p>\n<p>Arkivet er strukturert etter skapar av fotosamlingane og fysisk format i fire hovudseriar (A, B, C og D). Det vil seie at foto fr\u00e5 same periode eller tema kan finnast i fleire ulike Flickr-album. Det vil etter kvart bli laga tematiske album p\u00e5 tvers av hovudstrukturen, og desse albumnamna byrjar med eit \u00e5rstal.<\/p>\n<p><strong>Innhaldet i hovudseriane (A\u2013D)<\/strong><\/p>\n<p><strong>Serie A<\/strong> \u2013 Album og lause papirfoto etter Oddmund Hoel (1910-1983) og Ragna Hoel, f. Aune (1910-2009. Her er b\u00e5de eldre familiefoto dei har arva p\u00e5 kvar sin kant, album fr\u00e5 tida f\u00f8r dei vart gifte, og fleire album og bilete fr\u00e5 etter at dei gifte seg. Mange foto er av borna \u00d8yvind, Sigrun og Harald. Dei eldste er fr\u00e5 1870-\u00e5ra.<\/p>\n<p>Serie A inneheld ogs\u00e5 album etter Ragna sine systrer Marit Aune (1892-1985) og Hanna Aune (1903-1984), hovudsakleg fr\u00e5 ungdomstida, som Ragna arva etter dei. Her er ogs\u00e5 eit album etter Ragna si syster Marie Aalbu, seinare overteke av dottera Ingeborg.<\/p>\n<p><strong>Serie B<\/strong> \u2013 Album og lause papirfoto fr\u00e5 ungdomstida til Torlaug L\u00f8kensgard Hoel (f. 1939). Mellom dei lause fotoa er eldre familiefoto attover til kring 1880. Her er ogs\u00e5 foto fr\u00e5 systera Gunnhild si samling.<\/p>\n<p><strong>Serie C<\/strong> \u2013 Album og lause papirfoto fr\u00e5 \u00d8yvind Hoel (f. 1939) si samling. Han fekk kamera som 14-\u00e5ring i 1953 og tok jamt bilete. I tillegg er her nokre eldre familiefoto han har arva. Her er ogs\u00e5 mange foto fr\u00e5 tida etter at \u00d8yvind og Torlaug m\u00f8tte kvarandre i 1966.<\/p>\n<p><strong>Serie D<\/strong> \u2013 Fargedias og negativ. Her er fargedias som Oddmund Hoel tok fr\u00e5 1950 til 1970-\u00e5ra, og fargedias \u00d8yvind Hoel tok i 1962-63. Her er ogs\u00e5 \u00d8yvind sitt negativalbum (ca 1953-1974), og nokre f\u00e5 120-negativ etter Oddmund Hoel (1949).<\/p>\n<p><strong>Serie G<\/strong> &#8211; Album og lause papirfoto fr\u00e5 Sigrun Hoel (f. 1936) si samling. S\u00e5 langt er to album fr\u00e5 ungdomstida skanna, mykje fr\u00e5 \u00e5ra p\u00e5 Orkdal landsgymnas 1953-56. Dessutan er alle lause foto i svart-kvitt skanna, dei eldste fr\u00e5 1930-\u00e5ra.<\/p>\n<p><strong>Om digitaliseringa<\/strong><\/p>\n<p>Heile samlinga er i 2020\/21 gjennomg\u00e5tt med Sigrun og \u00d8yvind Hoel (Oppdalsbileta) og Torlaug L\u00f8kensgard Hoel (Leveldbileta), som har supplert albumtekstane med sv\u00e6rt mange opplysningar. Opplysningane blir lagde inn i merknadsfeltet under bileta.<\/p>\n<p>Fotoa er skanna og lagra i h\u00f8g oppl\u00f8ysing (15-20 Mb) i TIFF-format, s\u00e5 det er berre \u00e5 ta kontakt om du \u00f8nskjer digitale kopiar av bileta i betre kvalitet enn det som kan lastast ned fr\u00e5 Flickr. Det er ogs\u00e5 nokre foto i samlinga skanna av Oliv L\u00f8kensgard Bakkeplass.<\/p>\n<p>Skanning av album: I dei fleste tilfelle er heile albumsida skanna i tillegg til kvart bilete slik at ein ser samanhengen dei g\u00e5r inn i og albumtekstane. Kvart papiralbum er lagd inn som separate album i Flickr, og de er sorterte etter sidenummer.<\/p>\n<p>Skanning av lause foto og fargedias: Dette var i hovudsak uordna foto som vart grovsorterte f\u00f8r skanning og samla i eigne Flickr-album. Desse albuma er i regelen sorterte kronologisk.<\/p>\n<p><em>Oddmund L\u00f8kensgard Hoel<\/em><\/p>\n<p>Oppdatert 9.4.2021<\/p>\n","protected":false},"excerpt":{"rendered":"<p>G\u00e5 til fotoarkivet p\u00e5 Flickr Foto- og filmsamlinga &#8211; katalog\/oversyn (oppdatert) Fotoarkivet inneheld bilete fr\u00e5 samlinga til foreldra mine, Torlaug og \u00d8yvind Hoel, og deira familiar. Fotoa fr\u00e5 \u00d8yvind si side utgjer kring 90 prosent av samlinga. Arkivet er strukturert &hellip; <a href=\"https:\/\/www.krundalen.no\/blogg\/om\/fotoarkiv-pa-flickr\/\">Les meir <span class=\"meta-nav\">&rarr;<\/span><\/a><\/p>\n","protected":false},"author":2,"featured_media":0,"parent":2,"menu_order":0,"comment_status":"closed","ping_status":"closed","template":"","meta":{"_acf_changed":false,"footnotes":""},"class_list":["post-1590","page","type-page","status-publish","hentry"],"acf":[],"_links":{"self":[{"href":"https:\/\/www.krundalen.no\/blogg\/wp-json\/wp\/v2\/pages\/1590"}],"collection":[{"href":"https:\/\/www.krundalen.no\/blogg\/wp-json\/wp\/v2\/pages"}],"about":[{"href":"https:\/\/www.krundalen.no\/blogg\/wp-json\/wp\/v2\/types\/page"}],"author":[{"embeddable":true,"href":"https:\/\/www.krundalen.no\/blogg\/wp-json\/wp\/v2\/users\/2"}],"replies":[{"embeddable":true,"href":"https:\/\/www.krundalen.no\/blogg\/wp-json\/wp\/v2\/comments?post=1590"}],"version-history":[{"count":7,"href":"https:\/\/www.krundalen.no\/blogg\/wp-json\/wp\/v2\/pages\/1590\/revisions"}],"predecessor-version":[{"id":1619,"href":"https:\/\/www.krundalen.no\/blogg\/wp-json\/wp\/v2\/pages\/1590\/revisions\/1619"}],"up":[{"embeddable":true,"href":"https:\/\/www.krundalen.no\/blogg\/wp-json\/wp\/v2\/pages\/2"}],"wp:attachment":[{"href":"https:\/\/www.krundalen.no\/blogg\/wp-json\/wp\/v2\/media?parent=1590"}],"curies":[{"name":"wp","href":"https:\/\/api.w.org\/{rel}","templated":true}]}}