{"id":163,"date":"2007-05-16T09:48:05","date_gmt":"2007-05-16T07:48:05","guid":{"rendered":"http:\/\/www.krundalen.no\/blogg\/?page_id=163"},"modified":"2007-05-16T09:55:22","modified_gmt":"2007-05-16T07:55:22","slug":"norigs-maallag-1914-1916-1917","status":"publish","type":"page","link":"https:\/\/www.krundalen.no\/blogg\/tekstar\/6-kjelder-og-andre-tekstar\/norigs-maallag-1914-1916-1917\/","title":{"rendered":"Norigs maallag 1914-1916 (1917)"},"content":{"rendered":"<p><em><a href=\"http:\/\/www.krundalen.no\/blogg\/wp-content\/uploads\/2007\/05\/nm_1914-16.jpg\" title=\"nm_1914-16.jpg\"><img decoding=\"async\" align=\"right\" src=\"http:\/\/www.krundalen.no\/blogg\/wp-content\/uploads\/2007\/05\/nm_1914-16.forhaandsvisning.jpg\" alt=\"nm_1914-16.jpg\" title=\"nm_1914-16.jpg\" \/><\/a>Norigs maallag 1914-1916.<\/em> (1917). Ved skrivaren kaptein Edv. Os. Prenta som manuskript. Oslo: Norigs maallag.<\/p>\n<p><a href=\"http:\/\/www.krundalen.no\/blogg\/wp-content\/uploads\/2007\/05\/nm_1906-1914.jpg\" title=\"nm_1906-1914.jpg\"><img decoding=\"async\" src=\"http:\/\/www.krundalen.no\/blogg\/wp-content\/uploads\/2007\/04\/pdf.gif\" alt=\"Pdf-ikon\" \/><\/a>\u00a0<a href=\"http:\/\/krundalen.no\/tekstar\/NM_1914-1916.pdf\"><font color=\"#333333\">fulltekst<\/font><\/a> (pdf, 3,3 Mb)<\/p>\n<p><a href=\"http:\/\/ask.bibsys.no\/ask\/action\/show?pid=991619285&amp;kid=biblio\"><font color=\"#333333\">Bibsys-oppf\u00f8ring<\/font><\/a><\/p>\n<p>Innhald: Om \u00e5rsm\u00f8ta\/m\u00e5lmannsstemna i februar og juli 1915, \u00e5rsmelding 1915-16, meldingar fr\u00e5 fylkeslag og m\u00e5lkontor, om verksetjing av \u00e5rsm\u00f8tevedtak om organisasjonsstyrking og \u00f8konomi, plan for skiping av m\u00e5lkontor og om m\u00e5lpostane p\u00e5 dei politiske programma 1906-15.<\/p>\n","protected":false},"excerpt":{"rendered":"<p>Norigs maallag 1914-1916. (1917). Ved skrivaren kaptein Edv. Os. Prenta som manuskript. Oslo: Norigs maallag. \u00a0fulltekst (pdf, 3,3 Mb) Bibsys-oppf\u00f8ring Innhald: Om \u00e5rsm\u00f8ta\/m\u00e5lmannsstemna i februar og juli 1915, \u00e5rsmelding 1915-16, meldingar fr\u00e5 fylkeslag og m\u00e5lkontor, om verksetjing av \u00e5rsm\u00f8tevedtak om &hellip; <a href=\"https:\/\/www.krundalen.no\/blogg\/tekstar\/6-kjelder-og-andre-tekstar\/norigs-maallag-1914-1916-1917\/\">Les meir <span class=\"meta-nav\">&rarr;<\/span><\/a><\/p>\n","protected":false},"author":2,"featured_media":0,"parent":160,"menu_order":2,"comment_status":"open","ping_status":"open","template":"","meta":{"_acf_changed":false,"footnotes":""},"class_list":["post-163","page","type-page","status-publish","hentry"],"acf":[],"_links":{"self":[{"href":"https:\/\/www.krundalen.no\/blogg\/wp-json\/wp\/v2\/pages\/163"}],"collection":[{"href":"https:\/\/www.krundalen.no\/blogg\/wp-json\/wp\/v2\/pages"}],"about":[{"href":"https:\/\/www.krundalen.no\/blogg\/wp-json\/wp\/v2\/types\/page"}],"author":[{"embeddable":true,"href":"https:\/\/www.krundalen.no\/blogg\/wp-json\/wp\/v2\/users\/2"}],"replies":[{"embeddable":true,"href":"https:\/\/www.krundalen.no\/blogg\/wp-json\/wp\/v2\/comments?post=163"}],"version-history":[{"count":0,"href":"https:\/\/www.krundalen.no\/blogg\/wp-json\/wp\/v2\/pages\/163\/revisions"}],"up":[{"embeddable":true,"href":"https:\/\/www.krundalen.no\/blogg\/wp-json\/wp\/v2\/pages\/160"}],"wp:attachment":[{"href":"https:\/\/www.krundalen.no\/blogg\/wp-json\/wp\/v2\/media?parent=163"}],"curies":[{"name":"wp","href":"https:\/\/api.w.org\/{rel}","templated":true}]}}

<p><em><a href="http://www.krundalen.no/blogg/wp-content/uploads/2007/05/nm_1914-16.jpg" title="nm_1914-16.jpg"><img decoding="async" align="right" src="http://www.krundalen.no/blogg/wp-content/uploads/2007/05/nm_1914-16.forhaandsvisning.jpg" alt="nm_1914-16.jpg" title="nm_1914-16.jpg" /></a>Norigs maallag 1914-1916.</em> (1917). Ved skrivaren kaptein Edv. Os. Prenta som manuskript. Oslo: Norigs maallag.</p>
<p><a href="http://www.krundalen.no/blogg/wp-content/uploads/2007/05/nm_1906-1914.jpg" title="nm_1906-1914.jpg"><img decoding="async" src="http://www.krundalen.no/blogg/wp-content/uploads/2007/04/pdf.gif" alt="Pdf-ikon" /></a> <a href="http://krundalen.no/tekstar/NM_1914-1916.pdf"><font color="#333333">fulltekst</font></a> (pdf, 3,3 Mb)</p>
<p><a href="http://ask.bibsys.no/ask/action/show?pid=991619285&amp;kid=biblio"><font color="#333333">Bibsys-oppføring</font></a></p>
<p>Innhald: Om årsmøta/målmannsstemna i februar og juli 1915, årsmelding 1915-16, meldingar frå fylkeslag og målkontor, om verksetjing av årsmøtevedtak om organisasjonsstyrking og økonomi, plan for skiping av målkontor og om målpostane på dei politiske programma 1906-15.</p>

<p>Norigs maallag 1914-1916. (1917). Ved skrivaren kaptein Edv. Os. Prenta som manuskript. Oslo: Norigs maallag.  fulltekst (pdf, 3,3 Mb) Bibsys-oppføring Innhald: Om årsmøta/målmannsstemna i februar og juli 1915, årsmelding 1915-16, meldingar frå fylkeslag og målkontor, om verksetjing av årsmøtevedtak om &hellip; <a href="https://www.krundalen.no/blogg/tekstar/6-kjelder-og-andre-tekstar/norigs-maallag-1914-1916-1917/">Les meir <span class="meta-nav">&rarr;</span></a></p>
