{"id":165,"date":"2007-05-16T09:54:13","date_gmt":"2007-05-16T07:54:13","guid":{"rendered":"http:\/\/www.krundalen.no\/blogg\/?page_id=165"},"modified":"2007-05-16T10:00:00","modified_gmt":"2007-05-16T08:00:00","slug":"norigs-maallag-aarsmelding-1917-1918","status":"publish","type":"page","link":"https:\/\/www.krundalen.no\/blogg\/tekstar\/6-kjelder-og-andre-tekstar\/norigs-maallag-aarsmelding-1917-1918\/","title":{"rendered":"Norigs maallag. Aarsmelding 1917 (1918)"},"content":{"rendered":"<p><em><a href=\"http:\/\/www.krundalen.no\/blogg\/wp-content\/uploads\/2007\/05\/nm_aarsmelding_1917.jpg\" title=\"nm_aarsmelding_1917.jpg\"><img decoding=\"async\" align=\"right\" src=\"http:\/\/www.krundalen.no\/blogg\/wp-content\/uploads\/2007\/05\/nm_aarsmelding_1917.forhaandsvisning.jpg\" alt=\"nm_aarsmelding_1917.jpg\" title=\"nm_aarsmelding_1917.jpg\" \/><\/a>Norigs maallag. Aarsmelding 1917.<\/em> (1918). Ved skrivaren kaptein Edv. Os. Oslo: Norigs maallag.<\/p>\n<p><a href=\"http:\/\/www.krundalen.no\/blogg\/wp-content\/uploads\/2007\/05\/nm_1906-1914.jpg\" title=\"nm_1906-1914.jpg\"><img decoding=\"async\" src=\"http:\/\/www.krundalen.no\/blogg\/wp-content\/uploads\/2007\/04\/pdf.gif\" alt=\"Pdf-ikon\" \/><\/a>\u00a0<a href=\"http:\/\/krundalen.no\/tekstar\/NM_aarsmelding_1917.pdf\"><font color=\"#333333\">fulltekst<\/font><\/a> (pdf, 2,4 Mb)<\/p>\n<p><a href=\"http:\/\/nabo.nb.no\/bok?_t=0&amp;_b=sambok&amp;_r=320048986\"><font color=\"#333333\">Sambok-oppf\u00f8ring<\/font><\/a>\u00a0(ikkje i Bibsys)<\/p>\n<p>Innhald: \u00c5rmsleding 1917,\u00a0 \u00e5rsm\u00f8tet 1918, meldingar fr\u00e5 fylkeslag og m\u00e5lkontor, m\u00e5lvoksteren i 1917 og tillegg om plan for arbeidet i Tr\u00f8nderlaget, norsk i styringsverket, norskoppl\u00e6ring for post- og telegraffolk, lovf\u00f8resegner om m\u00e5let i folkeskulen og lover for Noregs m\u00e5llag.<\/p>\n","protected":false},"excerpt":{"rendered":"<p>Norigs maallag. Aarsmelding 1917. (1918). Ved skrivaren kaptein Edv. Os. Oslo: Norigs maallag. \u00a0fulltekst (pdf, 2,4 Mb) Sambok-oppf\u00f8ring\u00a0(ikkje i Bibsys) Innhald: \u00c5rmsleding 1917,\u00a0 \u00e5rsm\u00f8tet 1918, meldingar fr\u00e5 fylkeslag og m\u00e5lkontor, m\u00e5lvoksteren i 1917 og tillegg om plan for arbeidet i &hellip; <a href=\"https:\/\/www.krundalen.no\/blogg\/tekstar\/6-kjelder-og-andre-tekstar\/norigs-maallag-aarsmelding-1917-1918\/\">Les meir <span class=\"meta-nav\">&rarr;<\/span><\/a><\/p>\n","protected":false},"author":2,"featured_media":0,"parent":160,"menu_order":3,"comment_status":"open","ping_status":"open","template":"","meta":{"_acf_changed":false,"footnotes":""},"class_list":["post-165","page","type-page","status-publish","hentry"],"acf":[],"_links":{"self":[{"href":"https:\/\/www.krundalen.no\/blogg\/wp-json\/wp\/v2\/pages\/165"}],"collection":[{"href":"https:\/\/www.krundalen.no\/blogg\/wp-json\/wp\/v2\/pages"}],"about":[{"href":"https:\/\/www.krundalen.no\/blogg\/wp-json\/wp\/v2\/types\/page"}],"author":[{"embeddable":true,"href":"https:\/\/www.krundalen.no\/blogg\/wp-json\/wp\/v2\/users\/2"}],"replies":[{"embeddable":true,"href":"https:\/\/www.krundalen.no\/blogg\/wp-json\/wp\/v2\/comments?post=165"}],"version-history":[{"count":0,"href":"https:\/\/www.krundalen.no\/blogg\/wp-json\/wp\/v2\/pages\/165\/revisions"}],"up":[{"embeddable":true,"href":"https:\/\/www.krundalen.no\/blogg\/wp-json\/wp\/v2\/pages\/160"}],"wp:attachment":[{"href":"https:\/\/www.krundalen.no\/blogg\/wp-json\/wp\/v2\/media?parent=165"}],"curies":[{"name":"wp","href":"https:\/\/api.w.org\/{rel}","templated":true}]}}