{"id":2,"date":"2007-04-12T09:19:20","date_gmt":"2007-04-12T07:19:20","guid":{"rendered":""},"modified":"2025-04-23T17:36:12","modified_gmt":"2025-04-23T15:36:12","slug":"om","status":"publish","type":"page","link":"https:\/\/www.krundalen.no\/blogg\/om\/","title":{"rendered":"Om meg"},"content":{"rendered":"<p><a title=\"eikaas-hol.jpg\" href=\"http:\/\/www.krundalen.no\/blogg\/wp-content\/uploads\/2007\/05\/eikaas-hol.jpg\"><img loading=\"lazy\" decoding=\"async\" style=\"width: 129px; height: 169px;\" title=\"eikaas-hol.jpg\" src=\"http:\/\/www.krundalen.no\/blogg\/wp-content\/uploads\/2007\/05\/eikaas-hol.forhaandsvisning.jpg\" alt=\"eikaas-hol.jpg\" width=\"129\" height=\"169\" align=\"right\" \/><\/a>Oddmund L\u00f8kensgard Hoel (f. 1968) fr\u00e5 Trondheim.<\/p>\n<p>Eg har hatt ei fagstilling i historie ved H\u00f8gskulen i Sogn og Fjordane\/HVL sidan 2007, fr\u00e5 2019 som professor.<\/p>\n<p>Sj\u00e5 \u00f2g <a href=\"https:\/\/www.hvl.no\/person\/?user=oddmund.hoel\">nettsida mi\u00a0<\/a>hj\u00e5 H\u00f8gskulen p\u00e5 Vestlandet.<\/p>\n","protected":false},"excerpt":{"rendered":"<p>Oddmund L\u00f8kensgard Hoel (f. 1968) fr\u00e5 Trondheim. Eg har hatt ei fagstilling i historie ved H\u00f8gskulen i Sogn og Fjordane\/HVL sidan 2007, fr\u00e5 2019 som professor. Sj\u00e5 \u00f2g nettsida mi\u00a0hj\u00e5 H\u00f8gskulen p\u00e5 Vestlandet.<\/p>\n","protected":false},"author":2,"featured_media":0,"parent":0,"menu_order":3,"comment_status":"closed","ping_status":"closed","template":"","meta":{"_acf_changed":false,"footnotes":""},"class_list":["post-2","page","type-page","status-publish","hentry"],"acf":[],"_links":{"self":[{"href":"https:\/\/www.krundalen.no\/blogg\/wp-json\/wp\/v2\/pages\/2"}],"collection":[{"href":"https:\/\/www.krundalen.no\/blogg\/wp-json\/wp\/v2\/pages"}],"about":[{"href":"https:\/\/www.krundalen.no\/blogg\/wp-json\/wp\/v2\/types\/page"}],"author":[{"embeddable":true,"href":"https:\/\/www.krundalen.no\/blogg\/wp-json\/wp\/v2\/users\/2"}],"replies":[{"embeddable":true,"href":"https:\/\/www.krundalen.no\/blogg\/wp-json\/wp\/v2\/comments?post=2"}],"version-history":[{"count":14,"href":"https:\/\/www.krundalen.no\/blogg\/wp-json\/wp\/v2\/pages\/2\/revisions"}],"predecessor-version":[{"id":1766,"href":"https:\/\/www.krundalen.no\/blogg\/wp-json\/wp\/v2\/pages\/2\/revisions\/1766"}],"wp:attachment":[{"href":"https:\/\/www.krundalen.no\/blogg\/wp-json\/wp\/v2\/media?parent=2"}],"curies":[{"name":"wp","href":"https:\/\/api.w.org\/{rel}","templated":true}]}}