{"id":601,"date":"2009-11-25T11:23:37","date_gmt":"2009-11-25T09:23:37","guid":{"rendered":"http:\/\/www.krundalen.no\/blogg\/?page_id=601"},"modified":"2016-03-08T18:06:12","modified_gmt":"2016-03-08T16:06:12","slug":"mal-og-maskulinitet","status":"publish","type":"page","link":"https:\/\/www.krundalen.no\/blogg\/tekstar\/upubliserte-faglege-arbeid\/mal-og-maskulinitet\/","title":{"rendered":"M\u00e5l og maskulinitet (manus 2009)"},"content":{"rendered":"<p>Hoel, Oddmund L. (2009). <em>M\u00e5l og maskulinitet. Kj\u00f8nnsperspektiv p\u00e5 m\u00e5lsaka som ideologisk, kulturelt, spr\u00e5kleg og organisatorisk fenomen 1885-1940.<\/em> Uprenta pr\u00f8vef\u00f8relesing (oppgjeve emne) for ph.d.-graden 20.11.2009, Noregs teknisk-naturvitskaplege universitet, Trondheim.<\/p>\n<p>Ein lett revidert versjon av manuskriptet <a href=\"http:\/\/www.krundalen.no\/blogg\/?page_id=1046\">vart prenta i august 2013<\/a> (fulltekst).<\/p>\n<p><img decoding=\"async\" src=\"http:\/\/www.krundalen.no\/blogg\/wp-content\/uploads\/2007\/04\/pdf.gif\" alt=\"Pdf-ikon\" \/>\u00a0<a title=\"fulltekst\" href=\"http:\/\/www.krundalen.no\/blogg\/wp-content\/uploads\/2009\/11\/proveforelesing-nettet.pdf\">fulltekst<\/a>\u00a0(pdf)<\/p>\n","protected":false},"excerpt":{"rendered":"<p>Hoel, Oddmund L. (2009). M\u00e5l og maskulinitet. Kj\u00f8nnsperspektiv p\u00e5 m\u00e5lsaka som ideologisk, kulturelt, spr\u00e5kleg og organisatorisk fenomen 1885-1940. Uprenta pr\u00f8vef\u00f8relesing (oppgjeve emne) for ph.d.-graden 20.11.2009, Noregs teknisk-naturvitskaplege universitet, Trondheim. Ein lett revidert versjon av manuskriptet vart prenta i august 2013 &hellip; <a href=\"https:\/\/www.krundalen.no\/blogg\/tekstar\/upubliserte-faglege-arbeid\/mal-og-maskulinitet\/\">Les meir <span class=\"meta-nav\">&rarr;<\/span><\/a><\/p>\n","protected":false},"author":2,"featured_media":0,"parent":110,"menu_order":6,"comment_status":"open","ping_status":"open","template":"","meta":{"_acf_changed":false,"footnotes":""},"class_list":["post-601","page","type-page","status-publish","hentry"],"acf":[],"_links":{"self":[{"href":"https:\/\/www.krundalen.no\/blogg\/wp-json\/wp\/v2\/pages\/601"}],"collection":[{"href":"https:\/\/www.krundalen.no\/blogg\/wp-json\/wp\/v2\/pages"}],"about":[{"href":"https:\/\/www.krundalen.no\/blogg\/wp-json\/wp\/v2\/types\/page"}],"author":[{"embeddable":true,"href":"https:\/\/www.krundalen.no\/blogg\/wp-json\/wp\/v2\/users\/2"}],"replies":[{"embeddable":true,"href":"https:\/\/www.krundalen.no\/blogg\/wp-json\/wp\/v2\/comments?post=601"}],"version-history":[{"count":8,"href":"https:\/\/www.krundalen.no\/blogg\/wp-json\/wp\/v2\/pages\/601\/revisions"}],"predecessor-version":[{"id":1288,"href":"https:\/\/www.krundalen.no\/blogg\/wp-json\/wp\/v2\/pages\/601\/revisions\/1288"}],"up":[{"embeddable":true,"href":"https:\/\/www.krundalen.no\/blogg\/wp-json\/wp\/v2\/pages\/110"}],"wp:attachment":[{"href":"https:\/\/www.krundalen.no\/blogg\/wp-json\/wp\/v2\/media?parent=601"}],"curies":[{"name":"wp","href":"https:\/\/api.w.org\/{rel}","templated":true}]}}