{"id":81,"date":"2007-04-28T06:56:22","date_gmt":"2007-04-28T04:56:22","guid":{"rendered":"http:\/\/www.krundalen.no\/blogg\/?page_id=81"},"modified":"2007-05-02T21:18:43","modified_gmt":"2007-05-02T19:18:43","slug":"marcus-jacob-monrad-som-malpolitikar-bokartikkel-1998","status":"publish","type":"page","link":"https:\/\/www.krundalen.no\/blogg\/tekstar\/b%c3%b8ker\/marcus-jacob-monrad-som-malpolitikar-bokartikkel-1998\/","title":{"rendered":"Marcus Jacob Monrad som m\u00e5lpolitikar (bokartikkel 1998)"},"content":{"rendered":"<p>Hoel, Oddmund L. (1998). Marcus Jacob Monrad som m\u00e5lpolitikar. I Ruth Vatvedt Fjeld og Boye Wangensteen (red.), <em>Normer og regler. Festskrift til Dag Gundersen 15. januar 1998 <\/em>(s. 43-58). Oslo: Nordisk forening for leksikografi \u2013 Kunnskapsforlaget.<\/p>\n<p>Artikkelen byggjer p\u00e5 eit f\u00f8redrag p\u00e5 spr\u00e5kleg instituttseminar, Avd. for nordisk spr\u00e5k og litteratur, Universitetet i Oslo, 26.4.1996.<\/p>\n<p><a href=\"http:\/\/ask.bibsys.no\/ask\/action\/show?pid=980361834&amp;kid=biblio\">Bibsys-oppf\u00f8ring<\/a><\/p>\n<p><img decoding=\"async\" src=\"http:\/\/www.krundalen.no\/blogg\/wp-content\/uploads\/2007\/04\/pdf.gif\" alt=\"Pdf-ikon\" \/>\u00a0<a href=\"http:\/\/www.krundalen.no\/blogg\/wp-content\/uploads\/2007\/04\/1998_monrad.pdf\" title=\"1998_monrad.pdf\">fulltekst<\/a> (pdf)<\/p>\n","protected":false},"excerpt":{"rendered":"<p>Hoel, Oddmund L. (1998). Marcus Jacob Monrad som m\u00e5lpolitikar. I Ruth Vatvedt Fjeld og Boye Wangensteen (red.), Normer og regler. Festskrift til Dag Gundersen 15. januar 1998 (s. 43-58). Oslo: Nordisk forening for leksikografi \u2013 Kunnskapsforlaget. Artikkelen byggjer p\u00e5 eit &hellip; <a href=\"https:\/\/www.krundalen.no\/blogg\/tekstar\/b%c3%b8ker\/marcus-jacob-monrad-som-malpolitikar-bokartikkel-1998\/\">Les meir <span class=\"meta-nav\">&rarr;<\/span><\/a><\/p>\n","protected":false},"author":2,"featured_media":0,"parent":108,"menu_order":10,"comment_status":"open","ping_status":"open","template":"","meta":{"_acf_changed":false,"footnotes":""},"class_list":["post-81","page","type-page","status-publish","hentry"],"acf":[],"_links":{"self":[{"href":"https:\/\/www.krundalen.no\/blogg\/wp-json\/wp\/v2\/pages\/81"}],"collection":[{"href":"https:\/\/www.krundalen.no\/blogg\/wp-json\/wp\/v2\/pages"}],"about":[{"href":"https:\/\/www.krundalen.no\/blogg\/wp-json\/wp\/v2\/types\/page"}],"author":[{"embeddable":true,"href":"https:\/\/www.krundalen.no\/blogg\/wp-json\/wp\/v2\/users\/2"}],"replies":[{"embeddable":true,"href":"https:\/\/www.krundalen.no\/blogg\/wp-json\/wp\/v2\/comments?post=81"}],"version-history":[{"count":0,"href":"https:\/\/www.krundalen.no\/blogg\/wp-json\/wp\/v2\/pages\/81\/revisions"}],"up":[{"embeddable":true,"href":"https:\/\/www.krundalen.no\/blogg\/wp-json\/wp\/v2\/pages\/108"}],"wp:attachment":[{"href":"https:\/\/www.krundalen.no\/blogg\/wp-json\/wp\/v2\/media?parent=81"}],"curies":[{"name":"wp","href":"https:\/\/api.w.org\/{rel}","templated":true}]}}

Marcus Jacob Monrad som målpolitikar (bokartikkel 1998)

<p>Hoel, Oddmund L. (1998). Marcus Jacob Monrad som målpolitikar. I Ruth Vatvedt Fjeld og Boye Wangensteen (red.), <em>Normer og regler. Festskrift til Dag Gundersen 15. januar 1998 </em>(s. 43-58). Oslo: Nordisk forening for leksikografi – Kunnskapsforlaget.</p>
<p>Artikkelen byggjer på eit føredrag på språkleg instituttseminar, Avd. for nordisk språk og litteratur, Universitetet i Oslo, 26.4.1996.</p>
<p><a href="http://ask.bibsys.no/ask/action/show?pid=980361834&amp;kid=biblio">Bibsys-oppføring</a></p>
<p><img decoding="async" src="http://www.krundalen.no/blogg/wp-content/uploads/2007/04/pdf.gif" alt="Pdf-ikon" /> <a href="http://www.krundalen.no/blogg/wp-content/uploads/2007/04/1998_monrad.pdf" title="1998_monrad.pdf">fulltekst</a> (pdf)</p>

<p>Hoel, Oddmund L. (1998). Marcus Jacob Monrad som målpolitikar. I Ruth Vatvedt Fjeld og Boye Wangensteen (red.), Normer og regler. Festskrift til Dag Gundersen 15. januar 1998 (s. 43-58). Oslo: Nordisk forening for leksikografi – Kunnskapsforlaget. Artikkelen byggjer på eit &hellip; <a href="https://www.krundalen.no/blogg/tekstar/b%c3%b8ker/marcus-jacob-monrad-som-malpolitikar-bokartikkel-1998/">Les meir <span class="meta-nav">&rarr;</span></a></p>
