{"id":811,"date":"2011-02-23T14:53:17","date_gmt":"2011-02-23T12:53:17","guid":{"rendered":"http:\/\/www.krundalen.no\/blogg\/?page_id=811"},"modified":"2011-03-04T13:53:22","modified_gmt":"2011-03-04T11:53:22","slug":"byproblemet-til-malr%c3%b8rsla-2011","status":"publish","type":"page","link":"https:\/\/www.krundalen.no\/blogg\/tekstar\/tidsskriftartiklar-faglege\/byproblemet-til-malr%c3%b8rsla-2011\/","title":{"rendered":"Det nynorske byproblemet (Syn og Segn 2011)"},"content":{"rendered":"<p>Hoel, Oddmund L. (2011). Det nynorske byproblemet. <em>Syn og Segn <\/em>(nr. 1), 20-30.<\/p>\n<p>Artikkel basert p\u00e5 <a href=\"http:\/\/www.krundalen.no\/blogg\/?page_id=789\">M\u00e5l og modernisering 1868-1940<\/a>, s\u00e6rleg kapitla 3, 6 og 10. Ein nedkorta versjon vart halden som innlegg p\u00e5 seminaret Nynorsk fagdag, Oslo 18. februar 2011.<\/p>\n<p>Ein end\u00e5 kortare versjon stod som <a href=\"http:\/\/www.krundalen.no\/blogg\/wp-content\/uploads\/2007\/05\/BT-3mars11.pdf\">kulturdebattinnlegg <\/a>i <em>Bergens Tidende <\/em>3.3.2011.<\/p>\n","protected":false},"excerpt":{"rendered":"<p>Hoel, Oddmund L. (2011). Det nynorske byproblemet. Syn og Segn (nr. 1), 20-30. Artikkel basert p\u00e5 M\u00e5l og modernisering 1868-1940, s\u00e6rleg kapitla 3, 6 og 10. Ein nedkorta versjon vart halden som innlegg p\u00e5 seminaret Nynorsk fagdag, Oslo 18. februar &hellip; <a href=\"https:\/\/www.krundalen.no\/blogg\/tekstar\/tidsskriftartiklar-faglege\/byproblemet-til-malr%c3%b8rsla-2011\/\">Les meir <span class=\"meta-nav\">&rarr;<\/span><\/a><\/p>\n","protected":false},"author":2,"featured_media":0,"parent":109,"menu_order":6,"comment_status":"open","ping_status":"open","template":"","meta":{"_acf_changed":false,"footnotes":""},"class_list":["post-811","page","type-page","status-publish","hentry"],"acf":[],"_links":{"self":[{"href":"https:\/\/www.krundalen.no\/blogg\/wp-json\/wp\/v2\/pages\/811"}],"collection":[{"href":"https:\/\/www.krundalen.no\/blogg\/wp-json\/wp\/v2\/pages"}],"about":[{"href":"https:\/\/www.krundalen.no\/blogg\/wp-json\/wp\/v2\/types\/page"}],"author":[{"embeddable":true,"href":"https:\/\/www.krundalen.no\/blogg\/wp-json\/wp\/v2\/users\/2"}],"replies":[{"embeddable":true,"href":"https:\/\/www.krundalen.no\/blogg\/wp-json\/wp\/v2\/comments?post=811"}],"version-history":[{"count":7,"href":"https:\/\/www.krundalen.no\/blogg\/wp-json\/wp\/v2\/pages\/811\/revisions"}],"predecessor-version":[{"id":862,"href":"https:\/\/www.krundalen.no\/blogg\/wp-json\/wp\/v2\/pages\/811\/revisions\/862"}],"up":[{"embeddable":true,"href":"https:\/\/www.krundalen.no\/blogg\/wp-json\/wp\/v2\/pages\/109"}],"wp:attachment":[{"href":"https:\/\/www.krundalen.no\/blogg\/wp-json\/wp\/v2\/media?parent=811"}],"curies":[{"name":"wp","href":"https:\/\/api.w.org\/{rel}","templated":true}]}}

<p>Hoel, Oddmund L. (2011). Det nynorske byproblemet. <em>Syn og Segn </em>(nr. 1), 20-30.</p>
<p>Artikkel basert på <a href="http://www.krundalen.no/blogg/?page_id=789">Mål og modernisering 1868-1940</a>, særleg kapitla 3, 6 og 10. Ein nedkorta versjon vart halden som innlegg på seminaret Nynorsk fagdag, Oslo 18. februar 2011.</p>
<p>Ein endå kortare versjon stod som <a href="http://www.krundalen.no/blogg/wp-content/uploads/2007/05/BT-3mars11.pdf">kulturdebattinnlegg </a>i <em>Bergens Tidende </em>3.3.2011.</p>

<p>Hoel, Oddmund L. (2011). Det nynorske byproblemet. Syn og Segn (nr. 1), 20-30. Artikkel basert på Mål og modernisering 1868-1940, særleg kapitla 3, 6 og 10. Ein nedkorta versjon vart halden som innlegg på seminaret Nynorsk fagdag, Oslo 18. februar &hellip; <a href="https://www.krundalen.no/blogg/tekstar/tidsskriftartiklar-faglege/byproblemet-til-malr%c3%b8rsla-2011/">Les meir <span class="meta-nav">&rarr;</span></a></p>
