{"id":93,"date":"2007-04-30T22:50:31","date_gmt":"2007-04-30T20:50:31","guid":{"rendered":"http:\/\/www.krundalen.no\/blogg\/?page_id=93"},"modified":"2025-04-23T17:27:36","modified_gmt":"2025-04-23T15:27:36","slug":"1905-i-sogn-unionsoppl%c3%b8ysing-republikanisme-og-malsak-arbok-for-sogn-2005","status":"publish","type":"page","link":"https:\/\/www.krundalen.no\/blogg\/tekstar\/tidsskriftartiklar-faglege\/1905-i-sogn-unionsoppl%c3%b8ysing-republikanisme-og-malsak-arbok-for-sogn-2005\/","title":{"rendered":"1905 i Sogn: unionsoppl\u00f8ysing, republikanisme og m\u00e5lsak (\u00c5rbok for Sogn 2005)"},"content":{"rendered":"<p>Hoel, Oddmund L. (2005). 1905 i Sogn: unionsoppl\u00f8ysing, republikanisme og m\u00e5lsak. <em>\u00c5rbok for Sogn<\/em>, 60-75.<\/p>\n<p><img decoding=\"async\" src=\"http:\/\/www.krundalen.no\/blogg\/wp-content\/uploads\/2007\/04\/pdf.gif\" alt=\"Pdf-ikon\" \/>\u00a0<a title=\"2005_1905-aarbok-sogn.pdf\" href=\"http:\/\/www.krundalen.no\/blogg\/wp-content\/uploads\/2007\/04\/2005_1905-aarbok-sogn.pdf\">fulltekst<\/a> (pdf) | <a href=\"https:\/\/urn.nb.no\/URN:NBN:no-nb_digitidsskrift_2018101981216_001\">Fulltekst Nasjonalbiblioteket<\/a><\/p>\n","protected":false},"excerpt":{"rendered":"<p>Hoel, Oddmund L. (2005). 1905 i Sogn: unionsoppl\u00f8ysing, republikanisme og m\u00e5lsak. \u00c5rbok for Sogn, 60-75. \u00a0fulltekst (pdf) | Fulltekst Nasjonalbiblioteket<\/p>\n","protected":false},"author":2,"featured_media":0,"parent":109,"menu_order":10,"comment_status":"open","ping_status":"open","template":"","meta":{"_acf_changed":false,"footnotes":""},"class_list":["post-93","page","type-page","status-publish","hentry"],"acf":[],"_links":{"self":[{"href":"https:\/\/www.krundalen.no\/blogg\/wp-json\/wp\/v2\/pages\/93"}],"collection":[{"href":"https:\/\/www.krundalen.no\/blogg\/wp-json\/wp\/v2\/pages"}],"about":[{"href":"https:\/\/www.krundalen.no\/blogg\/wp-json\/wp\/v2\/types\/page"}],"author":[{"embeddable":true,"href":"https:\/\/www.krundalen.no\/blogg\/wp-json\/wp\/v2\/users\/2"}],"replies":[{"embeddable":true,"href":"https:\/\/www.krundalen.no\/blogg\/wp-json\/wp\/v2\/comments?post=93"}],"version-history":[{"count":1,"href":"https:\/\/www.krundalen.no\/blogg\/wp-json\/wp\/v2\/pages\/93\/revisions"}],"predecessor-version":[{"id":1759,"href":"https:\/\/www.krundalen.no\/blogg\/wp-json\/wp\/v2\/pages\/93\/revisions\/1759"}],"up":[{"embeddable":true,"href":"https:\/\/www.krundalen.no\/blogg\/wp-json\/wp\/v2\/pages\/109"}],"wp:attachment":[{"href":"https:\/\/www.krundalen.no\/blogg\/wp-json\/wp\/v2\/media?parent=93"}],"curies":[{"name":"wp","href":"https:\/\/api.w.org\/{rel}","templated":true}]}}